CRAN Package Check Results for Package RSSL

Last updated on 2019-09-21 03:48:35 CEST.

Flavor Version Tinstall Tcheck Ttotal Status Flags
r-devel-linux-x86_64-debian-clang 0.8 73.69 180.99 254.68 WARN
r-devel-linux-x86_64-debian-gcc 0.8 60.58 137.09 197.67 WARN
r-devel-linux-x86_64-fedora-clang 0.8 328.13 OK
r-devel-linux-x86_64-fedora-gcc 0.8 322.08 WARN
r-devel-windows-ix86+x86_64 0.8 182.00 374.00 556.00 OK
r-patched-linux-x86_64 0.8 64.79 178.49 243.28 OK
r-patched-solaris-x86 0.8 412.50 OK
r-release-linux-x86_64 0.8 69.48 178.34 247.82 OK
r-release-windows-ix86+x86_64 0.8 128.00 269.00 397.00 OK
r-release-osx-x86_64 0.8 OK
r-oldrel-windows-ix86+x86_64 0.8 106.00 267.00 373.00 OK
r-oldrel-osx-x86_64 0.8 OK

Check Details

Version: 0.8
Check: whether package can be installed
Result: WARN
    Found the following significant warnings:
     ssl.cpp:1134:4: warning: ignoring return value of function declared with 'warn_unused_result' attribute [-Wunused-result]
Flavor: r-devel-linux-x86_64-debian-clang

Version: 0.8
Check: whether package can be installed
Result: WARN
    Found the following significant warnings:
     ssl.cpp:1134:10: warning: ignoring return value of ‘int fscanf(FILE*, const char*, ...)’, declared with attribute warn_unused_result [-Wunused-result]
Flavors: r-devel-linux-x86_64-debian-gcc, r-devel-linux-x86_64-fedora-gcc