CRAN Package Check Results for Package RcmdrPlugin.coin

Last updated on 2020-04-07 03:48:22 CEST.

Flavor Version Tinstall Tcheck Ttotal Status Flags
r-devel-linux-x86_64-debian-clang 1.0-22 16.52 128.95 145.47 NOTE
r-devel-linux-x86_64-debian-gcc 1.0-22 15.26 100.26 115.52 NOTE
r-devel-linux-x86_64-fedora-clang 1.0-22 180.78 NOTE
r-devel-linux-x86_64-fedora-gcc 1.0-22 188.21 NOTE
r-devel-windows-ix86+x86_64 1.0-22 78.00 276.00 354.00 NOTE
r-devel-windows-ix86+x86_64-gcc8 1.0-22 51.00 161.00 212.00 NOTE
r-patched-linux-x86_64 1.0-22 16.77 124.74 141.51 NOTE
r-patched-solaris-x86 1.0-22 312.40 NOTE
r-release-linux-x86_64 1.0-22 14.82 114.75 129.57 NOTE
r-release-windows-ix86+x86_64 1.0-22 84.00 255.00 339.00 NOTE
r-release-osx-x86_64 1.0-22 NOTE
r-oldrel-windows-ix86+x86_64 1.0-22 47.00 161.00 208.00 NOTE
r-oldrel-osx-x86_64 1.0-22 NOTE

Check Details

Version: 1.0-22
Check: R code for possible problems
Result: NOTE
    enterTableMHTest : onOK: no visible global function definition for
     'na.omit'
    startStop: no visible global function definition for 'na.omit'
    Undefined global functions or variables:
     na.omit
    Consider adding
     importFrom("stats", "na.omit")
    to your NAMESPACE file.
Flavors: r-devel-linux-x86_64-debian-clang, r-devel-linux-x86_64-debian-gcc, r-devel-linux-x86_64-fedora-clang, r-devel-linux-x86_64-fedora-gcc, r-devel-windows-ix86+x86_64, r-devel-windows-ix86+x86_64-gcc8, r-patched-linux-x86_64, r-patched-solaris-x86, r-release-linux-x86_64, r-release-windows-ix86+x86_64, r-release-osx-x86_64, r-oldrel-windows-ix86+x86_64, r-oldrel-osx-x86_64