CRAN Package Check Results for Package RcmdrPlugin.steepness

Last updated on 2019-10-21 03:47:51 CEST.

Flavor Version Tinstall Tcheck Ttotal Status Flags
r-devel-linux-x86_64-debian-clang 0.3-2 11.84 143.40 155.24 NOTE
r-devel-linux-x86_64-debian-gcc 0.3-2 10.65 114.15 124.80 NOTE
r-devel-linux-x86_64-fedora-clang 0.3-2 191.48 NOTE
r-devel-linux-x86_64-fedora-gcc 0.3-2 189.17 NOTE
r-devel-windows-ix86+x86_64 0.3-2 43.00 237.00 280.00 NOTE
r-patched-linux-x86_64 0.3-2 10.47 139.35 149.82 NOTE
r-patched-solaris-x86 0.3-2 220.40 NOTE
r-release-linux-x86_64 0.3-2 11.66 142.16 153.82 NOTE
r-release-windows-ix86+x86_64 0.3-2 66.00 135.00 201.00 NOTE
r-release-osx-x86_64 0.3-2 NOTE
r-oldrel-windows-ix86+x86_64 0.3-2 41.00 116.00 157.00 NOTE
r-oldrel-osx-x86_64 0.3-2 NOTE

Check Details

Version: 0.3-2
Check: R code for possible problems
Result: NOTE
    Rcmdr.steeptestDij : onOK: no visible binding for global variable
     'replications'
    Rcmdr.steeptestPij : onOK: no visible binding for global variable
     'replications'
    Undefined global functions or variables:
     replications
    Consider adding
     importFrom("stats", "replications")
    to your NAMESPACE file.
Flavors: r-devel-linux-x86_64-debian-clang, r-devel-linux-x86_64-debian-gcc, r-devel-linux-x86_64-fedora-clang, r-devel-linux-x86_64-fedora-gcc, r-devel-windows-ix86+x86_64, r-patched-linux-x86_64, r-patched-solaris-x86, r-release-linux-x86_64, r-release-windows-ix86+x86_64, r-release-osx-x86_64, r-oldrel-windows-ix86+x86_64, r-oldrel-osx-x86_64