CRAN Package Check Results for Package RcmdrPlugin.steepness

Last updated on 2020-05-27 03:48:41 CEST.

Flavor Version Tinstall Tcheck Ttotal Status Flags
r-devel-linux-x86_64-debian-clang 0.3-2 14.68 115.94 130.62 NOTE
r-devel-linux-x86_64-debian-gcc 0.3-2 12.28 88.61 100.89 NOTE
r-devel-linux-x86_64-fedora-clang 0.3-2 162.62 NOTE
r-devel-linux-x86_64-fedora-gcc 0.3-2 213.84 NOTE
r-devel-windows-ix86+x86_64 0.3-2 67.00 225.00 292.00 NOTE
r-patched-linux-x86_64 0.3-2 11.93 112.40 124.33 NOTE
r-patched-solaris-x86 0.3-2 251.90 NOTE
r-release-linux-x86_64 0.3-2 12.61 114.09 126.70 NOTE
r-release-osx-x86_64 0.3-2 NOTE
r-release-windows-ix86+x86_64 0.3-2 76.00 156.00 232.00 NOTE
r-oldrel-osx-x86_64 0.3-2 NOTE
r-oldrel-windows-ix86+x86_64 0.3-2 39.00 145.00 184.00 NOTE

Check Details

Version: 0.3-2
Check: R code for possible problems
Result: NOTE
    Rcmdr.steeptestDij : onOK: no visible binding for global variable
     'replications'
    Rcmdr.steeptestPij : onOK: no visible binding for global variable
     'replications'
    Undefined global functions or variables:
     replications
    Consider adding
     importFrom("stats", "replications")
    to your NAMESPACE file.
Flavors: r-devel-linux-x86_64-debian-clang, r-devel-linux-x86_64-debian-gcc, r-devel-linux-x86_64-fedora-clang, r-devel-linux-x86_64-fedora-gcc, r-devel-windows-ix86+x86_64, r-patched-linux-x86_64, r-patched-solaris-x86, r-release-linux-x86_64, r-release-osx-x86_64, r-release-windows-ix86+x86_64, r-oldrel-osx-x86_64, r-oldrel-windows-ix86+x86_64