CRAN Package Check Results for Package RcppNumerical

Last updated on 2020-07-11 03:47:13 CEST.

Flavor Version Tinstall Tcheck Ttotal Status Flags
r-devel-linux-x86_64-debian-clang 0.4-0 39.92 152.25 192.17 OK
r-devel-linux-x86_64-debian-gcc 0.4-0 33.08 118.76 151.84 OK
r-devel-linux-x86_64-fedora-clang 0.4-0 232.24 NOTE
r-devel-linux-x86_64-fedora-gcc 0.4-0 236.32 OK
r-devel-windows-ix86+x86_64 0.4-0 90.00 222.00 312.00 OK
r-patched-linux-x86_64 0.4-0 34.34 144.22 178.56 OK
r-patched-solaris-x86 0.4-0 231.80 OK
r-release-linux-x86_64 0.4-0 37.17 143.91 181.08 OK
r-release-osx-x86_64 0.4-0 NOTE
r-release-windows-ix86+x86_64 0.4-0 78.00 225.00 303.00 OK
r-oldrel-osx-x86_64 0.4-0 NOTE
r-oldrel-windows-ix86+x86_64 0.4-0 95.00 157.00 252.00 OK

Check Details

Version: 0.4-0
Check: installed package size
Result: NOTE
     installed size is 5.6Mb
     sub-directories of 1Mb or more:
     libs 5.1Mb
Flavors: r-devel-linux-x86_64-fedora-clang, r-release-osx-x86_64, r-oldrel-osx-x86_64