CRAN Package Check Results for Package Rfast

Last updated on 2020-09-28 03:47:52 CEST.

Flavor Version Tinstall Tcheck Ttotal Status Flags
r-devel-linux-x86_64-debian-clang 2.0.1 1348.18 112.78 1460.96 OK
r-devel-linux-x86_64-debian-gcc 2.0.1 995.35 85.02 1080.37 OK
r-devel-linux-x86_64-fedora-clang 2.0.1 2071.92 NOTE
r-devel-linux-x86_64-fedora-gcc 2.0.1 1909.21 OK
r-devel-windows-ix86+x86_64 2.0.1 3030.00 256.00 3286.00 NOTE
r-patched-linux-x86_64 2.0.1 1059.02 105.82 1164.84 OK
r-patched-solaris-x86 2.0.1 1318.00 NOTE
r-release-linux-x86_64 2.0.1 1045.66 105.19 1150.85 OK
r-release-macos-x86_64 2.0.1 NOTE
r-release-windows-ix86+x86_64 2.0.1 2585.00 216.00 2801.00 NOTE
r-oldrel-macos-x86_64 2.0.1 NOTE
r-oldrel-windows-ix86+x86_64 2.0.1 2707.00 220.00 2927.00 NOTE

Check Details

Version: 2.0.1
Check: installed package size
Result: NOTE
     installed size is 66.1Mb
     sub-directories of 1Mb or more:
     libs 64.8Mb
Flavors: r-devel-linux-x86_64-fedora-clang, r-devel-windows-ix86+x86_64, r-patched-solaris-x86, r-release-macos-x86_64, r-release-windows-ix86+x86_64, r-oldrel-macos-x86_64, r-oldrel-windows-ix86+x86_64