CRAN Package Check Results for Package Rprofet

Last updated on 2019-10-21 03:47:52 CEST.

Flavor Version Tinstall Tcheck Ttotal Status Flags
r-devel-linux-x86_64-debian-clang 2.2.0 5.72 66.12 71.84 OK
r-devel-linux-x86_64-debian-gcc 2.2.0 4.79 51.32 56.11 OK
r-devel-linux-x86_64-fedora-clang 2.2.0 87.66 OK
r-devel-linux-x86_64-fedora-gcc 2.2.0 84.61 OK
r-devel-windows-ix86+x86_64 2.2.0 16.00 79.00 95.00 OK
r-patched-linux-x86_64 2.2.0 4.57 65.28 69.85 OK
r-patched-solaris-x86 2.2.0 132.00 OK
r-release-linux-x86_64 2.2.0 5.50 65.87 71.37 OK
r-release-windows-ix86+x86_64 2.2.0 20.00 84.00 104.00 OK
r-release-osx-x86_64 2.2.0 OK
r-oldrel-windows-ix86+x86_64 2.2.0 7.00 74.00 81.00 OK
r-oldrel-osx-x86_64 2.2.0 OK

Check Details

Version: 2.2.0
Check: examples
Result: FAIL
    
Flavor: r-release-osx-x86_64