CRAN Package Check Results for Package SAR

Last updated on 2020-02-20 02:48:36 CET.

Flavor Version Tinstall Tcheck Ttotal Status Flags
r-devel-linux-x86_64-debian-clang 1.0.1 70.25 80.08 150.33 NOTE
r-devel-linux-x86_64-debian-gcc 1.0.1 52.78 59.43 112.21 NOTE
r-devel-linux-x86_64-fedora-clang 1.0.1 192.07 NOTE
r-devel-linux-x86_64-fedora-gcc 1.0.1 191.61 NOTE
r-devel-windows-ix86+x86_64 1.0.1 131.00 133.00 264.00 NOTE
r-devel-windows-ix86+x86_64-gcc8 1.0.1 195.00 184.00 379.00 NOTE
r-patched-linux-x86_64 1.0.1 57.05 68.02 125.07 NOTE
r-patched-solaris-x86 1.0.1 212.60 NOTE
r-release-linux-x86_64 1.0.1 54.30 67.42 121.72 NOTE
r-release-windows-ix86+x86_64 1.0.1 134.00 129.00 263.00 NOTE
r-release-osx-x86_64 1.0.1 NOTE
r-oldrel-windows-ix86+x86_64 1.0.1 122.00 119.00 241.00 NOTE
r-oldrel-osx-x86_64 1.0.1 NOTE

Check Details

Version: 1.0.1
Check: for GNU extensions in Makefiles
Result: NOTE
    GNU make is a SystemRequirements.
Flavors: r-devel-linux-x86_64-debian-clang, r-devel-linux-x86_64-debian-gcc, r-devel-linux-x86_64-fedora-clang, r-devel-linux-x86_64-fedora-gcc, r-devel-windows-ix86+x86_64, r-devel-windows-ix86+x86_64-gcc8, r-patched-linux-x86_64, r-patched-solaris-x86, r-release-linux-x86_64, r-release-windows-ix86+x86_64, r-release-osx-x86_64, r-oldrel-windows-ix86+x86_64, r-oldrel-osx-x86_64

Version: 1.0.1
Check: dependencies in R code
Result: NOTE
    Namespaces in Imports field not imported from:
     ‘httr’ ‘jsonlite’
     All declared Imports should be used.
Flavors: r-devel-linux-x86_64-fedora-clang, r-devel-linux-x86_64-fedora-gcc, r-patched-solaris-x86, r-release-osx-x86_64, r-oldrel-osx-x86_64