CRAN Package Check Results for Package SAR

Last updated on 2020-09-18 15:53:00 CEST.

Flavor Version Tinstall Tcheck Ttotal Status Flags
r-devel-linux-x86_64-debian-clang 1.0.1 70.00 80.26 150.26 NOTE
r-devel-linux-x86_64-debian-gcc 1.0.1 57.50 61.66 119.16 NOTE
r-devel-linux-x86_64-fedora-clang 1.0.1 215.68 NOTE
r-devel-linux-x86_64-fedora-gcc 1.0.1 201.39 NOTE
r-devel-windows-ix86+x86_64 1.0.1 180.00 171.00 351.00 NOTE
r-patched-linux-x86_64 1.0.1 63.27 79.37 142.64 NOTE
r-patched-solaris-x86 1.0.1 221.70 NOTE
r-release-linux-x86_64 1.0.1 62.80 78.74 141.54 NOTE
r-release-macos-x86_64 1.0.1 NOTE
r-release-windows-ix86+x86_64 1.0.1 175.00 155.00 330.00 NOTE
r-oldrel-macos-x86_64 1.0.1 NOTE
r-oldrel-windows-ix86+x86_64 1.0.1 146.00 145.00 291.00 NOTE

Check Details

Version: 1.0.1
Check: for GNU extensions in Makefiles
Result: NOTE
    GNU make is a SystemRequirements.
Flavors: r-devel-linux-x86_64-debian-clang, r-devel-linux-x86_64-debian-gcc, r-devel-linux-x86_64-fedora-clang, r-devel-linux-x86_64-fedora-gcc, r-devel-windows-ix86+x86_64, r-patched-linux-x86_64, r-patched-solaris-x86, r-release-linux-x86_64, r-release-macos-x86_64, r-release-windows-ix86+x86_64, r-oldrel-macos-x86_64, r-oldrel-windows-ix86+x86_64

Version: 1.0.1
Check: dependencies in R code
Result: NOTE
    Namespaces in Imports field not imported from:
     ‘httr’ ‘jsonlite’
     All declared Imports should be used.
Flavors: r-devel-linux-x86_64-fedora-clang, r-devel-linux-x86_64-fedora-gcc, r-patched-solaris-x86, r-release-macos-x86_64, r-oldrel-macos-x86_64