CRAN Package Check Results for Package SAVER

Last updated on 2019-09-19 03:48:21 CEST.

Flavor Version Tinstall Tcheck Ttotal Status Flags
r-devel-linux-x86_64-debian-clang 1.1.1 6.91 35.81 42.72 OK
r-devel-linux-x86_64-debian-gcc 1.1.1 6.46 28.92 35.38 OK
r-devel-linux-x86_64-fedora-clang 1.1.1 54.08 NOTE
r-devel-linux-x86_64-fedora-gcc 1.1.1 54.10 NOTE
r-devel-windows-ix86+x86_64 1.1.1 17.00 47.00 64.00 OK
r-patched-linux-x86_64 1.1.1 6.99 35.46 42.45 OK
r-patched-solaris-x86 1.1.1 85.30 NOTE
r-release-linux-x86_64 1.1.1 7.72 35.83 43.55 OK
r-release-windows-ix86+x86_64 1.1.1 11.00 47.00 58.00 OK
r-release-osx-x86_64 1.1.1 NOTE
r-oldrel-windows-ix86+x86_64 1.1.1 7.00 47.00 54.00 OK
r-oldrel-osx-x86_64 1.1.1 NOTE

Check Details

Version: 1.1.1
Check: dependencies in R code
Result: NOTE
    Namespace in Imports field not imported from: ‘methods’
     All declared Imports should be used.
Flavors: r-devel-linux-x86_64-fedora-clang, r-devel-linux-x86_64-fedora-gcc, r-patched-solaris-x86, r-release-osx-x86_64, r-oldrel-osx-x86_64