CRAN Package Check Results for Package SAVER

Last updated on 2020-02-23 02:47:38 CET.

Flavor Version Tinstall Tcheck Ttotal Status Flags
r-devel-linux-x86_64-debian-clang 1.1.2 7.58 39.46 47.04 OK
r-devel-linux-x86_64-debian-gcc 1.1.2 8.09 31.28 39.37 OK
r-devel-linux-x86_64-fedora-clang 1.1.2 58.31 NOTE
r-devel-linux-x86_64-fedora-gcc 1.1.2 57.81 NOTE
r-devel-windows-ix86+x86_64 1.1.2 12.00 52.00 64.00 OK
r-devel-windows-ix86+x86_64-gcc8 1.1.2 16.00 72.00 88.00 OK
r-patched-linux-x86_64 1.1.2 OK
r-patched-solaris-x86 1.1.2 84.90 NOTE
r-release-linux-x86_64 1.1.2 7.48 36.53 44.01 OK
r-release-windows-ix86+x86_64 1.1.2 10.00 52.00 62.00 OK
r-release-osx-x86_64 1.1.2 NOTE
r-oldrel-windows-ix86+x86_64 1.1.2 10.00 49.00 59.00 OK
r-oldrel-osx-x86_64 1.1.2 NOTE

Check Details

Version: 1.1.2
Check: dependencies in R code
Result: NOTE
    Namespace in Imports field not imported from: ‘methods’
     All declared Imports should be used.
Flavors: r-devel-linux-x86_64-fedora-clang, r-devel-linux-x86_64-fedora-gcc, r-patched-solaris-x86, r-release-osx-x86_64, r-oldrel-osx-x86_64