CRAN Package Check Results for Package SMM

Last updated on 2020-04-07 03:48:25 CEST.

Flavor Version Tinstall Tcheck Ttotal Status Flags
r-devel-linux-x86_64-debian-clang 1.0.2 13.80 82.21 96.01 OK
r-devel-linux-x86_64-debian-gcc 1.0.2 12.47 62.07 74.54 OK
r-devel-linux-x86_64-fedora-clang 1.0.2 115.97 OK
r-devel-linux-x86_64-fedora-gcc 1.0.2 117.72 OK
r-devel-windows-ix86+x86_64 1.0.2 29.00 90.00 119.00 OK
r-devel-windows-ix86+x86_64-gcc8 1.0.2 16.00 90.00 106.00 OK
r-patched-linux-x86_64 1.0.2 14.61 81.29 95.90 OK
r-patched-solaris-x86 1.0.2 146.70 OK
r-release-linux-x86_64 1.0.2 13.06 74.05 87.11 OK
r-release-windows-ix86+x86_64 1.0.2 19.00 115.00 134.00 OK
r-release-osx-x86_64 1.0.2 WARN
r-oldrel-windows-ix86+x86_64 1.0.2 21.00 75.00 96.00 OK
r-oldrel-osx-x86_64 1.0.2 WARN

Check Details

Version: 1.0.2
Check: re-building of vignette outputs
Result: WARN
    Error(s) in re-building vignettes:
     ...
    --- re-building ‘smm.Rnw’ using Sweave
    Error: processing vignette 'smm.Rnw' failed with diagnostics:
    Running 'texi2dvi' on 'smm.tex' failed.
    LaTeX errors:
    !pdfTeX error: pdflatex (file bbm10): Font bbm10 at 657 not found
     ==> Fatal error occurred, no output PDF file produced!
    --- failed re-building ‘smm.Rnw’
    
    SUMMARY: processing the following file failed:
     ‘smm.Rnw’
    
    Error: Vignette re-building failed.
    Execution halted
Flavor: r-release-osx-x86_64

Version: 1.0.2
Check: re-building of vignette outputs
Result: WARN
    Error in re-building vignettes:
     ...
    Error in texi2dvi(file = file, pdf = TRUE, clean = clean, quiet = quiet, :
     Running 'texi2dvi' on 'smm.tex' failed.
    LaTeX errors:
    !pdfTeX error: pdflatex (file bbm10): Font bbm10 at 657 not found
     ==> Fatal error occurred, no output PDF file produced!
    Calls: buildVignettes -> texi2pdf -> texi2dvi
    Execution halted
Flavor: r-oldrel-osx-x86_64