CRAN Package Check Results for Package SSDM

Last updated on 2019-10-21 03:47:54 CEST.

Flavor Version Tinstall Tcheck Ttotal Status Flags
r-devel-linux-x86_64-debian-clang 0.2.6 24.76 227.89 252.65 OK
r-devel-linux-x86_64-debian-gcc 0.2.6 23.87 175.08 198.95 OK
r-devel-linux-x86_64-fedora-clang 0.2.6 300.40 NOTE
r-devel-linux-x86_64-fedora-gcc 0.2.6 294.18 NOTE
r-devel-windows-ix86+x86_64 0.2.6 43.00 239.00 282.00 OK
r-patched-linux-x86_64 0.2.6 24.13 221.06 245.19 OK
r-patched-solaris-x86 0.2.6 455.60 NOTE
r-release-linux-x86_64 0.2.6 23.16 224.39 247.55 OK
r-release-windows-ix86+x86_64 0.2.6 63.00 235.00 298.00 OK
r-release-osx-x86_64 0.2.6 NOTE
r-oldrel-windows-ix86+x86_64 0.2.6 26.00 270.00 296.00 OK
r-oldrel-osx-x86_64 0.2.6 NOTE

Check Details

Version: 0.2.6
Check: dependencies in R code
Result: NOTE
    Namespace in Imports field not imported from: ‘shinyFiles’
     All declared Imports should be used.
Flavors: r-devel-linux-x86_64-fedora-clang, r-devel-linux-x86_64-fedora-gcc, r-patched-solaris-x86, r-release-osx-x86_64, r-oldrel-osx-x86_64