CRAN Package Check Results for Package SSDM

Last updated on 2020-05-27 03:48:45 CEST.

Flavor Version Tinstall Tcheck Ttotal Status Flags
r-devel-linux-x86_64-debian-clang 0.2.8 30.88 332.09 362.97 OK
r-devel-linux-x86_64-debian-gcc 0.2.8 25.15 246.66 271.81 OK
r-devel-linux-x86_64-fedora-clang 0.2.8 437.80 NOTE
r-devel-linux-x86_64-fedora-gcc 0.2.8 424.83 NOTE
r-devel-windows-ix86+x86_64 0.2.8 78.00 462.00 540.00 OK
r-patched-linux-x86_64 0.2.8 29.50 324.45 353.95 OK
r-patched-solaris-x86 0.2.8 601.50 NOTE
r-release-linux-x86_64 0.2.8 28.44 325.49 353.93 OK
r-release-osx-x86_64 0.2.8 NOTE
r-release-windows-ix86+x86_64 0.2.8 59.00 454.00 513.00 OK
r-oldrel-osx-x86_64 0.2.8 NOTE
r-oldrel-windows-ix86+x86_64 0.2.8 49.00 343.00 392.00 OK

Check Details

Version: 0.2.8
Check: dependencies in R code
Result: NOTE
    Namespace in Imports field not imported from: ‘shinyFiles’
     All declared Imports should be used.
Flavors: r-devel-linux-x86_64-fedora-clang, r-devel-linux-x86_64-fedora-gcc, r-patched-solaris-x86, r-release-osx-x86_64, r-oldrel-osx-x86_64