CRAN Package Check Results for Package SWMPrExtension

Last updated on 2020-04-05 03:47:57 CEST.

Flavor Version Tinstall Tcheck Ttotal Status Flags
r-devel-linux-x86_64-debian-clang 1.1.3 21.10 144.02 165.12 ERROR
r-devel-linux-x86_64-debian-gcc 1.1.3 19.25 111.59 130.84 ERROR
r-devel-linux-x86_64-fedora-clang 1.1.3 206.99 ERROR
r-devel-linux-x86_64-fedora-gcc 1.1.3 199.66 ERROR
r-devel-windows-ix86+x86_64 1.1.3 52.00 175.00 227.00 OK
r-devel-windows-ix86+x86_64-gcc8 1.1.3 51.00 180.00 231.00 OK
r-patched-linux-x86_64 1.1.3 17.44 135.83 153.27 ERROR
r-patched-solaris-x86 1.1.3 342.80 ERROR
r-release-linux-x86_64 1.1.3 17.81 128.94 146.75 ERROR
r-release-windows-ix86+x86_64 1.1.3 46.00 299.00 345.00 ERROR
r-release-osx-x86_64 1.1.3 NOTE
r-oldrel-windows-ix86+x86_64 1.1.3 30.00 172.00 202.00 ERROR
r-oldrel-osx-x86_64 1.1.3 NOTE

Check Details

Version: 1.1.3
Check: examples
Result: ERROR
    Running examples in 'SWMPrExtension-Ex.R' failed
    The error most likely occurred in:
    
    > base::assign(".ptime", proc.time(), pos = "CheckExEnv")
    > ### Name: seasonal_dot
    > ### Title: Seasonal Dot Plot
    > ### Aliases: seasonal_dot seasonal_dot.swmpr
    >
    > ### ** Examples
    >
    > dat_wq <- elksmwq
    > #dat_wq <- subset(dat_wq, subset = c('2010-01-01 0:00', '2017-01-01 0:00'))
    > dat_wq <- qaqc(dat_wq, qaqc_keep = c(0, 3, 5))
    >
    > x <-
    + seasonal_dot(dat_wq, param = 'do_mgl'
    + , lm_trend = TRUE
    + , lm_lab = TRUE
    + , plot_title = TRUE)
    Error: Aesthetics must be either length 1 or the same as the data (48): y
    Backtrace:
     x
     1. +-SWMPrExtension::seasonal_dot(...)
     2. \-SWMPrExtension:::seasonal_dot.swmpr(...)
     3. +-ggplot2::ggplot_build(plt)
     4. \-ggplot2:::ggplot_build.ggplot(plt)
     5. \-ggplot2:::by_layer(function(l, d) l$compute_aesthetics(d, plot))
     6. \-ggplot2:::f(l = layers[[i]], d = data[[i]])
     7. \-l$compute_aesthetics(d, plot)
     8. \-ggplot2:::f(..., self = self)
     9. \-ggplot2:::check_aesthetics(evaled, n)
    Execution halted
Flavor: r-devel-linux-x86_64-debian-clang

Version: 1.1.3
Check: examples
Result: ERROR
    Running examples in ‘SWMPrExtension-Ex.R’ failed
    The error most likely occurred in:
    
    > base::assign(".ptime", proc.time(), pos = "CheckExEnv")
    > ### Name: seasonal_dot
    > ### Title: Seasonal Dot Plot
    > ### Aliases: seasonal_dot seasonal_dot.swmpr
    >
    > ### ** Examples
    >
    > dat_wq <- elksmwq
    > #dat_wq <- subset(dat_wq, subset = c('2010-01-01 0:00', '2017-01-01 0:00'))
    > dat_wq <- qaqc(dat_wq, qaqc_keep = c(0, 3, 5))
    >
    > x <-
    + seasonal_dot(dat_wq, param = 'do_mgl'
    + , lm_trend = TRUE
    + , lm_lab = TRUE
    + , plot_title = TRUE)
    Error: Aesthetics must be either length 1 or the same as the data (48): y
    Backtrace:
     █
     1. ├─SWMPrExtension::seasonal_dot(...)
     2. └─SWMPrExtension:::seasonal_dot.swmpr(...)
     3. ├─ggplot2::ggplot_build(plt)
     4. └─ggplot2:::ggplot_build.ggplot(plt)
     5. └─ggplot2:::by_layer(function(l, d) l$compute_aesthetics(d, plot))
     6. └─ggplot2:::f(l = layers[[i]], d = data[[i]])
     7. └─l$compute_aesthetics(d, plot)
     8. └─ggplot2:::f(..., self = self)
     9. └─ggplot2:::check_aesthetics(evaled, n)
    Execution halted
Flavors: r-devel-linux-x86_64-debian-gcc, r-patched-linux-x86_64, r-release-linux-x86_64

Version: 1.1.3
Check: dependencies in R code
Result: NOTE
    Namespace in Imports field not imported from: ‘rgeos’
     All declared Imports should be used.
Flavors: r-devel-linux-x86_64-fedora-clang, r-devel-linux-x86_64-fedora-gcc, r-patched-solaris-x86, r-release-osx-x86_64, r-oldrel-osx-x86_64

Version: 1.1.3
Check: examples
Result: ERROR
    Running examples in ‘SWMPrExtension-Ex.R’ failed
    The error most likely occurred in:
    
    > ### Name: seasonal_dot
    > ### Title: Seasonal Dot Plot
    > ### Aliases: seasonal_dot seasonal_dot.swmpr
    >
    > ### ** Examples
    >
    > dat_wq <- elksmwq
    > #dat_wq <- subset(dat_wq, subset = c('2010-01-01 0:00', '2017-01-01 0:00'))
    > dat_wq <- qaqc(dat_wq, qaqc_keep = c(0, 3, 5))
    >
    > x <-
    + seasonal_dot(dat_wq, param = 'do_mgl'
    + , lm_trend = TRUE
    + , lm_lab = TRUE
    + , plot_title = TRUE)
    Error: Aesthetics must be either length 1 or the same as the data (48): y
    Backtrace:
     █
     1. ├─SWMPrExtension::seasonal_dot(...)
     2. └─SWMPrExtension:::seasonal_dot.swmpr(...)
     3. ├─ggplot2::ggplot_build(plt)
     4. └─ggplot2:::ggplot_build.ggplot(plt)
     5. └─ggplot2:::by_layer(function(l, d) l$compute_aesthetics(d, plot))
     6. └─ggplot2:::f(l = layers[[i]], d = data[[i]])
     7. └─l$compute_aesthetics(d, plot)
     8. └─ggplot2:::f(..., self = self)
     9. └─ggplot2:::check_aesthetics(evaled, n)
    Execution halted
Flavors: r-devel-linux-x86_64-fedora-clang, r-devel-linux-x86_64-fedora-gcc, r-patched-solaris-x86

Version: 1.1.3
Check: examples
Result: ERROR
    Running examples in 'SWMPrExtension-Ex.R' failed
    The error most likely occurred in:
    
    > ### Name: seasonal_dot
    > ### Title: Seasonal Dot Plot
    > ### Aliases: seasonal_dot seasonal_dot.swmpr
    >
    > ### ** Examples
    >
    > dat_wq <- elksmwq
    > #dat_wq <- subset(dat_wq, subset = c('2010-01-01 0:00', '2017-01-01 0:00'))
    > dat_wq <- qaqc(dat_wq, qaqc_keep = c(0, 3, 5))
    >
    > x <-
    + seasonal_dot(dat_wq, param = 'do_mgl'
    + , lm_trend = TRUE
    + , lm_lab = TRUE
    + , plot_title = TRUE)
    Error: Aesthetics must be either length 1 or the same as the data (48): y
    Backtrace:
     x
     1. +-SWMPrExtension::seasonal_dot(...)
     2. \-SWMPrExtension:::seasonal_dot.swmpr(...)
     3. +-ggplot2::ggplot_build(plt)
     4. \-ggplot2:::ggplot_build.ggplot(plt)
     5. \-ggplot2:::by_layer(function(l, d) l$compute_aesthetics(d, plot))
     6. \-ggplot2:::f(l = layers[[i]], d = data[[i]])
     7. \-l$compute_aesthetics(d, plot)
     8. \-ggplot2:::f(..., self = self)
     9. \-ggplot2:::check_aesthetics(evaled, n)
    Execution halted
Flavors: r-release-windows-ix86+x86_64, r-oldrel-windows-ix86+x86_64