CRAN Package Check Results for Package SetMethods

Last updated on 2019-12-05 14:49:02 CET.

Flavor Version Tinstall Tcheck Ttotal Status Flags
r-devel-linux-x86_64-debian-clang 2.4 11.34 130.97 142.31 NOTE
r-devel-linux-x86_64-debian-gcc 2.4 9.32 97.28 106.60 NOTE
r-devel-linux-x86_64-fedora-clang 2.4 154.84 NOTE
r-devel-linux-x86_64-fedora-gcc 2.4 152.93 NOTE
r-devel-windows-ix86+x86_64 2.4 22.00 281.00 303.00 NOTE
r-devel-windows-ix86+x86_64-gcc8 2.4 25.00 155.00 180.00 NOTE
r-patched-linux-x86_64 2.4 9.42 115.60 125.02 NOTE
r-patched-solaris-x86 2.4 154.30 ERROR
r-release-linux-x86_64 2.4 11.31 116.28 127.59 NOTE
r-release-windows-ix86+x86_64 2.4 23.00 128.00 151.00 NOTE
r-release-osx-x86_64 2.4 OK
r-oldrel-windows-ix86+x86_64 2.4 16.00 131.00 147.00 NOTE
r-oldrel-osx-x86_64 2.4 OK

Check Details

Version: 2.4
Check: R code for possible problems
Result: NOTE
    theory.intersections: no visible global function definition for 'sop'
    Undefined global functions or variables:
     sop
Flavors: r-devel-linux-x86_64-debian-clang, r-devel-linux-x86_64-debian-gcc, r-devel-linux-x86_64-fedora-clang, r-devel-linux-x86_64-fedora-gcc, r-devel-windows-ix86+x86_64, r-devel-windows-ix86+x86_64-gcc8, r-patched-linux-x86_64, r-patched-solaris-x86, r-release-linux-x86_64, r-release-windows-ix86+x86_64, r-oldrel-windows-ix86+x86_64

Version: 2.4
Check: examples
Result: ERROR
    Running examples in ‘SetMethods-Ex.R’ failed
    The error most likely occurred in:
    
    > ### Name: LR.intersect
    > ### Title: Function for identifying contradictory simplifying assumptions
    > ### or easy counterfactuals.
    > ### Aliases: LR.intersect
    > ### Keywords: QCA
    >
    > ### ** Examples
    >
    > # Import your data. For example:
    >
    > data(SCHF)
    >
    > # Get the parsimonious solution:
    >
    > sol_yp <- minimize(SCHF, outcome = "EXPORT",
    + conditions = c("EMP","BARGAIN","UNI","OCCUP","STOCK", "MA"),
    + incl.cut = .9,
    + include = "?",
    + details = TRUE, show.cases = TRUE)
    
     *** caught segfault ***
    address fa88af00, cause 'memory not mapped'
    
    Traceback:
     1: minimize(SCHF, outcome = "EXPORT", conditions = c("EMP", "BARGAIN", "UNI", "OCCUP", "STOCK", "MA"), incl.cut = 0.9, include = "?", details = TRUE, show.cases = TRUE)
    An irrecoverable exception occurred. R is aborting now ...
Flavor: r-patched-solaris-x86