CRAN Package Check Results for Package SetMethods

Last updated on 2020-07-08 03:48:03 CEST.

Flavor Version Tinstall Tcheck Ttotal Status Flags
r-devel-linux-x86_64-debian-clang 2.5 15.37 130.13 145.50 OK
r-devel-linux-x86_64-debian-gcc 2.5 12.71 96.79 109.50 OK
r-devel-linux-x86_64-fedora-clang 2.5 174.80 NOTE
r-devel-linux-x86_64-fedora-gcc 2.5 164.04 NOTE
r-devel-windows-ix86+x86_64 2.5 25.00 159.00 184.00 OK
r-patched-linux-x86_64 2.5 14.33 124.66 138.99 OK
r-patched-solaris-x86 2.5 190.00 ERROR
r-release-linux-x86_64 2.5 13.73 124.56 138.29 OK
r-release-osx-x86_64 2.5 NOTE
r-release-windows-ix86+x86_64 2.5 31.00 142.00 173.00 OK
r-oldrel-osx-x86_64 2.5 NOTE
r-oldrel-windows-ix86+x86_64 2.5 43.00 189.00 232.00 OK

Additional issues

MKL

Check Details

Version: 2.5
Check: dependencies in R code
Result: NOTE
    Namespace in Imports field not imported from: ‘lattice’
     All declared Imports should be used.
Flavors: r-devel-linux-x86_64-fedora-clang, r-devel-linux-x86_64-fedora-gcc, r-patched-solaris-x86, r-release-osx-x86_64, r-oldrel-osx-x86_64

Version: 2.5
Check: examples
Result: ERROR
    Running examples in ‘SetMethods-Ex.R’ failed
    The error most likely occurred in:
    
    > ### Name: LR.intersect
    > ### Title: Function for identifying contradictory simplifying assumptions
    > ### or easy counterfactuals.
    > ### Aliases: LR.intersect
    > ### Keywords: QCA
    >
    > ### ** Examples
    >
    > # Import your data. For example:
    >
    > data(SCHF)
    >
    > # Get the parsimonious solution:
    >
    > sol_yp <- minimize(SCHF, outcome = "EXPORT",
    + conditions = c("EMP","BARGAIN","UNI","OCCUP","STOCK", "MA"),
    + incl.cut = .9,
    + include = "?",
    + details = TRUE, show.cases = TRUE)
    
     *** caught segfault ***
    address 286e38f8, cause 'memory not mapped'
    
    Traceback:
     1: minimize(SCHF, outcome = "EXPORT", conditions = c("EMP", "BARGAIN", "UNI", "OCCUP", "STOCK", "MA"), incl.cut = 0.9, include = "?", details = TRUE, show.cases = TRUE)
    An irrecoverable exception occurred. R is aborting now ...
Flavor: r-patched-solaris-x86