CRAN Package Check Results for Package ShinyImage

Last updated on 2020-09-30 03:47:40 CEST.

Flavor Version Tinstall Tcheck Ttotal Status Flags
r-devel-linux-x86_64-debian-clang 0.1.0 7.65 52.47 60.12 NOTE
r-devel-linux-x86_64-debian-gcc 0.1.0 6.45 41.27 47.72 NOTE
r-devel-linux-x86_64-fedora-clang 0.1.0 82.67 OK
r-devel-linux-x86_64-fedora-gcc 0.1.0 72.71 OK
r-devel-windows-ix86+x86_64 0.1.0 13.00 74.00 87.00 NOTE
r-patched-linux-x86_64 0.1.0 7.19 49.95 57.14 NOTE
r-patched-solaris-x86 0.1.0 107.50 OK
r-release-linux-x86_64 0.1.0 7.31 49.31 56.62 NOTE
r-release-macos-x86_64 0.1.0 OK
r-release-windows-ix86+x86_64 0.1.0 17.00 75.00 92.00 NOTE
r-oldrel-macos-x86_64 0.1.0 OK
r-oldrel-windows-ix86+x86_64 0.1.0 14.00 70.00 84.00 OK

Check Details

Version: 0.1.0
Check: package vignettes
Result: NOTE
    Package vignette with placeholder title 'Vignette Title':
     'SI.Rmd'
Flavors: r-devel-linux-x86_64-debian-clang, r-devel-linux-x86_64-debian-gcc, r-devel-windows-ix86+x86_64, r-patched-linux-x86_64, r-release-linux-x86_64, r-release-windows-ix86+x86_64