CRAN Package Check Results for Package Sim.DiffProc

Last updated on 2020-09-28 03:47:54 CEST.

Flavor Version Tinstall Tcheck Ttotal Status Flags
r-devel-linux-x86_64-debian-clang 4.7 26.11 272.80 298.91 OK
r-devel-linux-x86_64-debian-gcc 4.7 21.49 201.02 222.51 OK
r-devel-linux-x86_64-fedora-clang 4.7 354.70 OK
r-devel-linux-x86_64-fedora-gcc 4.7 364.23 OK
r-devel-windows-ix86+x86_64 4.7 45.00 384.00 429.00 OK
r-patched-linux-x86_64 4.7 24.84 259.82 284.66 OK
r-patched-solaris-x86 4.7 567.40 OK
r-release-linux-x86_64 4.7 24.82 263.73 288.55 OK
r-release-macos-x86_64 4.7 OK
r-release-windows-ix86+x86_64 4.7 31.00 355.00 386.00 OK
r-oldrel-macos-x86_64 4.7 NOTE
r-oldrel-windows-ix86+x86_64 4.7 29.00 324.00 353.00 OK

Check Details

Version: 4.7
Check: dependencies in R code
Result: NOTE
    No protocol specified
    No protocol specified
Flavor: r-oldrel-macos-x86_64