CRAN Package Check Results for Package SmarterPoland

Last updated on 2019-12-13 02:47:07 CET.

Flavor Version Tinstall Tcheck Ttotal Status Flags
r-devel-linux-x86_64-debian-clang 1.7 13.88 48.49 62.37 OK
r-devel-linux-x86_64-debian-gcc 1.7 13.47 39.10 52.57 OK
r-devel-linux-x86_64-fedora-clang 1.7 80.54 NOTE
r-devel-linux-x86_64-fedora-gcc 1.7 80.00 NOTE
r-devel-windows-ix86+x86_64 1.7 22.00 95.00 117.00 NOTE
r-devel-windows-ix86+x86_64-gcc8 1.7 39.00 85.00 124.00 NOTE
r-patched-linux-x86_64 1.7 13.83 44.41 58.24 OK
r-patched-solaris-x86 1.7 124.00 NOTE
r-release-linux-x86_64 1.7 14.55 44.16 58.71 OK
r-release-windows-ix86+x86_64 1.7 25.00 61.00 86.00 NOTE
r-release-osx-x86_64 1.7 NOTE
r-oldrel-windows-ix86+x86_64 1.7 20.00 58.00 78.00 NOTE
r-oldrel-osx-x86_64 1.7 NOTE

Check Details

Version: 1.7
Check: installed package size
Result: NOTE
     installed size is 8.2Mb
     sub-directories of 1Mb or more:
     data 8.1Mb
Flavors: r-devel-linux-x86_64-fedora-clang, r-devel-windows-ix86+x86_64, r-devel-windows-ix86+x86_64-gcc8, r-patched-solaris-x86, r-release-windows-ix86+x86_64, r-release-osx-x86_64, r-oldrel-windows-ix86+x86_64, r-oldrel-osx-x86_64

Version: 1.7
Check: data for non-ASCII characters
Result: NOTE
     Note: found 1122 marked UTF-8 strings
Flavors: r-devel-linux-x86_64-fedora-clang, r-devel-linux-x86_64-fedora-gcc, r-patched-solaris-x86, r-release-osx-x86_64, r-oldrel-osx-x86_64