CRAN Package Check Results for Package SmarterPoland

Last updated on 2020-07-05 03:47:57 CEST.

Flavor Version Tinstall Tcheck Ttotal Status Flags
r-devel-linux-x86_64-debian-clang 1.7 15.96 49.06 65.02 OK
r-devel-linux-x86_64-debian-gcc 1.7 13.28 38.64 51.92 OK
r-devel-linux-x86_64-fedora-clang 1.7 91.25 NOTE
r-devel-linux-x86_64-fedora-gcc 1.7 80.29 NOTE
r-devel-windows-ix86+x86_64 1.7 33.00 86.00 119.00 NOTE
r-patched-linux-x86_64 1.7 14.13 47.79 61.92 OK
r-patched-solaris-x86 1.7 129.20 NOTE
r-release-linux-x86_64 1.7 14.01 47.64 61.65 OK
r-release-osx-x86_64 1.7 NOTE
r-release-windows-ix86+x86_64 1.7 24.00 63.00 87.00 NOTE
r-oldrel-osx-x86_64 1.7 NOTE
r-oldrel-windows-ix86+x86_64 1.7 32.00 82.00 114.00 NOTE

Check Details

Version: 1.7
Check: installed package size
Result: NOTE
     installed size is 8.2Mb
     sub-directories of 1Mb or more:
     data 8.1Mb
Flavors: r-devel-linux-x86_64-fedora-clang, r-devel-windows-ix86+x86_64, r-patched-solaris-x86, r-release-osx-x86_64, r-release-windows-ix86+x86_64, r-oldrel-osx-x86_64, r-oldrel-windows-ix86+x86_64

Version: 1.7
Check: data for non-ASCII characters
Result: NOTE
     Note: found 1122 marked UTF-8 strings
Flavors: r-devel-linux-x86_64-fedora-clang, r-devel-linux-x86_64-fedora-gcc, r-patched-solaris-x86, r-release-osx-x86_64, r-oldrel-osx-x86_64