CRAN Package Check Results for Package SpatialExtremes

Last updated on 2019-09-15 15:47:36 CEST.

Flavor Version Tinstall Tcheck Ttotal Status Flags
r-devel-linux-x86_64-debian-clang 2.0-7.2 35.93 148.01 183.94 OK
r-devel-linux-x86_64-debian-gcc 2.0-7.2 26.99 108.67 135.66 WARN
r-devel-linux-x86_64-fedora-clang 2.0-7.2 214.12 OK
r-devel-linux-x86_64-fedora-gcc 2.0-7.2 210.37 WARN
r-devel-windows-ix86+x86_64 2.0-7.2 112.00 218.00 330.00 OK
r-patched-linux-x86_64 2.0-7.2 30.12 145.26 175.38 OK
r-patched-solaris-x86 2.0-7.2 346.50 OK
r-release-linux-x86_64 2.0-7.2 30.30 143.20 173.50 OK
r-release-windows-ix86+x86_64 2.0-7.2 75.00 291.00 366.00 OK
r-release-osx-x86_64 2.0-7.2 OK
r-oldrel-windows-ix86+x86_64 2.0-7.2 93.00 221.00 314.00 OK
r-oldrel-osx-x86_64 2.0-7.2 OK

Check Details

Version: 2.0-7.2
Check: whether package can be installed
Result: WARN
    Found the following significant warnings:
     fft.c:138:9: warning: array subscript -1 is outside array bounds of ā€˜int[15]ā€™ [-Warray-bounds]
Flavors: r-devel-linux-x86_64-debian-gcc, r-devel-linux-x86_64-fedora-gcc