CRAN Package Check Results for Package SuperLearner

Last updated on 2020-09-18 15:53:02 CEST.

Flavor Version Tinstall Tcheck Ttotal Status Flags
r-devel-linux-x86_64-debian-clang 2.0-26 6.58 483.45 490.03 NOTE
r-devel-linux-x86_64-debian-gcc 2.0-26 4.90 362.84 367.74 NOTE
r-devel-linux-x86_64-fedora-clang 2.0-26 602.92 NOTE
r-devel-linux-x86_64-fedora-gcc 2.0-26 590.35 NOTE
r-devel-windows-ix86+x86_64 2.0-26 12.00 590.00 602.00 NOTE
r-patched-linux-x86_64 2.0-26 7.47 469.84 477.31 NOTE
r-patched-solaris-x86 2.0-26 1036.50 NOTE
r-release-linux-x86_64 2.0-26 5.27 471.10 476.37 NOTE
r-release-macos-x86_64 2.0-26 NOTE
r-release-windows-ix86+x86_64 2.0-26 12.00 561.00 573.00 NOTE
r-oldrel-macos-x86_64 2.0-26 NOTE
r-oldrel-windows-ix86+x86_64 2.0-26 6.00 596.00 602.00 NOTE

Check Details

Version: 2.0-26
Check: dependencies in R code
Result: NOTE
    'library' or 'require' call to 'gam' in package code.
     Please use :: or requireNamespace() instead.
     See section 'Suggested packages' in the 'Writing R Extensions' manual.
Flavors: r-devel-linux-x86_64-debian-clang, r-devel-linux-x86_64-debian-gcc, r-devel-linux-x86_64-fedora-clang, r-devel-linux-x86_64-fedora-gcc, r-devel-windows-ix86+x86_64, r-patched-linux-x86_64, r-patched-solaris-x86, r-release-linux-x86_64, r-release-macos-x86_64, r-release-windows-ix86+x86_64, r-oldrel-macos-x86_64, r-oldrel-windows-ix86+x86_64