CRAN Package Check Results for Package SuperLearner

Last updated on 2020-02-21 14:47:17 CET.

Flavor Version Tinstall Tcheck Ttotal Status Flags
r-devel-linux-x86_64-debian-clang 2.0-26 7.51 496.51 504.02 NOTE
r-devel-linux-x86_64-debian-gcc 2.0-26 5.38 369.88 375.26 NOTE
r-devel-linux-x86_64-fedora-clang 2.0-26 584.55 NOTE
r-devel-linux-x86_64-fedora-gcc 2.0-26 555.76 NOTE
r-devel-windows-ix86+x86_64 2.0-26 11.00 462.00 473.00 NOTE
r-devel-windows-ix86+x86_64-gcc8 2.0-26 16.00 605.00 621.00 NOTE
r-patched-linux-x86_64 2.0-26 6.55 447.80 454.35 NOTE
r-patched-solaris-x86 2.0-26 1006.80 NOTE
r-release-linux-x86_64 2.0-26 6.64 449.61 456.25 NOTE
r-release-windows-ix86+x86_64 2.0-26 9.00 473.00 482.00 NOTE
r-release-osx-x86_64 2.0-26 NOTE
r-oldrel-windows-ix86+x86_64 2.0-26 7.00 378.00 385.00 NOTE
r-oldrel-osx-x86_64 2.0-26 NOTE

Check Details

Version: 2.0-26
Check: dependencies in R code
Result: NOTE
    'library' or 'require' call to 'gam' in package code.
     Please use :: or requireNamespace() instead.
     See section 'Suggested packages' in the 'Writing R Extensions' manual.
Flavors: r-devel-linux-x86_64-debian-clang, r-devel-linux-x86_64-debian-gcc, r-devel-linux-x86_64-fedora-clang, r-devel-linux-x86_64-fedora-gcc, r-devel-windows-ix86+x86_64, r-devel-windows-ix86+x86_64-gcc8, r-patched-linux-x86_64, r-patched-solaris-x86, r-release-linux-x86_64, r-release-windows-ix86+x86_64, r-release-osx-x86_64, r-oldrel-windows-ix86+x86_64, r-oldrel-osx-x86_64