CRAN Package Check Results for Package SuperpixelImageSegmentation

Last updated on 2020-02-25 02:48:46 CET.

Flavor Version Tinstall Tcheck Ttotal Status Flags
r-devel-linux-x86_64-debian-clang 1.0.1 53.47 32.81 86.28 OK
r-devel-linux-x86_64-debian-gcc 1.0.1 43.64 25.83 69.47 OK
r-devel-linux-x86_64-fedora-clang 1.0.1 119.76 NOTE
r-devel-linux-x86_64-fedora-gcc 1.0.1 123.29 OK
r-devel-windows-ix86+x86_64 1.0.1 108.00 78.00 186.00 OK
r-devel-windows-ix86+x86_64-gcc8 1.0.1 122.00 127.00 249.00 OK
r-patched-linux-x86_64 1.0.1 51.30 30.03 81.33 OK
r-patched-solaris-x86 1.0.1 129.10 OK
r-release-linux-x86_64 1.0.1 49.09 30.36 79.45 OK
r-release-windows-ix86+x86_64 1.0.1 100.00 74.00 174.00 OK
r-release-osx-x86_64 1.0.1 NOTE
r-oldrel-windows-ix86+x86_64 1.0.1 103.00 76.00 179.00 OK
r-oldrel-osx-x86_64 1.0.1 NOTE

Check Details

Version: 1.0.1
Check: installed package size
Result: NOTE
     installed size is 5.3Mb
     sub-directories of 1Mb or more:
     libs 5.0Mb
Flavors: r-devel-linux-x86_64-fedora-clang, r-release-osx-x86_64, r-oldrel-osx-x86_64