CRAN Package Check Results for Package Surrogate

Last updated on 2020-09-20 03:47:39 CEST.

Flavor Version Tinstall Tcheck Ttotal Status Flags
r-devel-linux-x86_64-debian-clang 1.7 41.19 245.63 286.82 OK
r-devel-linux-x86_64-debian-gcc 1.7 36.55 180.41 216.96 OK
r-devel-linux-x86_64-fedora-clang 1.7 366.72 NOTE
r-devel-linux-x86_64-fedora-gcc 1.7 367.08 NOTE
r-devel-windows-ix86+x86_64 1.7 72.00 239.00 311.00 OK
r-patched-linux-x86_64 1.7 34.15 246.14 280.29 OK
r-patched-solaris-x86 1.7 445.90 NOTE
r-release-linux-x86_64 1.7 32.74 242.46 275.20 OK
r-release-macos-x86_64 1.7 NOTE
r-release-windows-ix86+x86_64 1.7 72.00 303.00 375.00 OK
r-oldrel-macos-x86_64 1.7 WARN
r-oldrel-windows-ix86+x86_64 1.7 42.00 208.00 250.00 OK

Check Details

Version: 1.7
Check: dependencies in R code
Result: NOTE
    Namespace in Imports field not imported from: ‘rootSolve’
     All declared Imports should be used.
Flavors: r-devel-linux-x86_64-fedora-clang, r-devel-linux-x86_64-fedora-gcc, r-patched-solaris-x86, r-release-macos-x86_64, r-oldrel-macos-x86_64

Version: 1.7
Check: whether package can be installed
Result: WARN
    Found the following significant warnings:
     Warning: 'rgl.init' failed, running with 'rgl.useNULL = TRUE'.
Flavor: r-oldrel-macos-x86_64