CRAN Package Check Results for Package TDMR

Last updated on 2020-05-27 03:48:46 CEST.

Flavor Version Tinstall Tcheck Ttotal Status Flags
r-devel-linux-x86_64-debian-clang 2.2 21.15 140.25 161.40 OK
r-devel-linux-x86_64-debian-gcc 2.2 17.35 106.67 124.02 OK
r-devel-linux-x86_64-fedora-clang 2.2 196.12 OK
r-devel-linux-x86_64-fedora-gcc 2.2 192.15 OK
r-devel-windows-ix86+x86_64 2.2 57.00 192.00 249.00 OK
r-patched-linux-x86_64 2.2 15.41 139.87 155.28 OK
r-patched-solaris-x86 2.2 260.30 OK
r-release-linux-x86_64 2.2 18.67 140.95 159.62 OK
r-release-osx-x86_64 2.2 OK
r-release-windows-ix86+x86_64 2.2 41.00 192.00 233.00 OK
r-oldrel-osx-x86_64 2.2 WARN
r-oldrel-windows-ix86+x86_64 2.2 33.00 133.00 166.00 OK

Check Details

Version: 2.2
Check: dependencies in R code
Result: NOTE
    No protocol specified
    No protocol specified
Flavor: r-oldrel-osx-x86_64

Version: 2.2
Check: S3 generic/method consistency
Result: WARN
    No protocol specified
    No protocol specified
    See section ‘Generic functions and methods’ in the ‘Writing R
    Extensions’ manual.
Flavor: r-oldrel-osx-x86_64

Version: 2.2
Check: replacement functions
Result: WARN
    No protocol specified
    No protocol specified
    The argument of a replacement function which corresponds to the right
    hand side must be named ‘value’.
Flavor: r-oldrel-osx-x86_64

Version: 2.2
Check: foreign function calls
Result: NOTE
    No protocol specified
    No protocol specified
    See chapter ‘System and foreign language interfaces’ in the ‘Writing R
    Extensions’ manual.
Flavor: r-oldrel-osx-x86_64

Version: 2.2
Check: R code for possible problems
Result: NOTE
    No protocol specified
    No protocol specified
Flavor: r-oldrel-osx-x86_64

Version: 2.2
Check: for missing documentation entries
Result: WARN
    No protocol specified
    No protocol specified
    All user-level objects in a package should have documentation entries.
    See chapter ‘Writing R documentation files’ in the ‘Writing R
    Extensions’ manual.
Flavor: r-oldrel-osx-x86_64

Version: 2.2
Check: for code/documentation mismatches
Result: WARN
    No protocol specified
    No protocol specified
    No protocol specified
    No protocol specified
    No protocol specified
    No protocol specified
Flavor: r-oldrel-osx-x86_64

Version: 2.2
Check: Rd \usage sections
Result: NOTE
    No protocol specified
    No protocol specified
    The \usage entries for S3 methods should use the \method markup and not
    their full name.
    See chapter ‘Writing R documentation files’ in the ‘Writing R
    Extensions’ manual.
Flavor: r-oldrel-osx-x86_64