CRAN Package Check Results for Package TexExamRandomizer

Last updated on 2020-07-15 03:47:08 CEST.

Flavor Version Tinstall Tcheck Ttotal Status Flags
r-devel-linux-x86_64-debian-clang 1.2.3 32.29 52.92 85.21 OK
r-devel-linux-x86_64-debian-gcc 1.2.3 23.14 41.09 64.23 OK
r-devel-linux-x86_64-fedora-clang 1.2.3 110.10 OK
r-devel-linux-x86_64-fedora-gcc 1.2.3 108.33 OK
r-devel-windows-ix86+x86_64 1.2.3 72.00 102.00 174.00 OK
r-patched-linux-x86_64 1.2.3 23.54 52.51 76.05 OK
r-patched-solaris-x86 1.2.3 98.80 OK
r-release-linux-x86_64 1.2.3 24.14 52.49 76.63 OK
r-release-macos-x86_64 1.2.3 ERROR
r-release-windows-ix86+x86_64 1.2.3 70.00 104.00 174.00 OK
r-oldrel-macos-x86_64 1.2.3 OK
r-oldrel-windows-ix86+x86_64 1.2.3 61.00 98.00 159.00 OK

Check Details

Version: 1.2.3
Check: whether package can be installed
Result: ERROR
    Installation failed.
Flavor: r-release-macos-x86_64