CRAN Package Check Results for Package Tsphere

Last updated on 2020-04-07 03:48:29 CEST.

Flavor Version Tinstall Tcheck Ttotal Status Flags
r-devel-linux-x86_64-debian-clang 1.0 13.19 110.09 123.28 NOTE
r-devel-linux-x86_64-debian-gcc 1.0 11.02 84.00 95.02 NOTE
r-devel-linux-x86_64-fedora-clang 1.0 146.31 NOTE
r-devel-linux-x86_64-fedora-gcc 1.0 143.75 NOTE
r-devel-windows-ix86+x86_64 1.0 66.00 135.00 201.00 NOTE
r-devel-windows-ix86+x86_64-gcc8 1.0 30.00 117.00 147.00 NOTE
r-patched-linux-x86_64 1.0 10.41 103.96 114.37 NOTE
r-patched-solaris-x86 1.0 227.50 NOTE
r-release-linux-x86_64 1.0 9.10 94.79 103.89 NOTE
r-release-windows-ix86+x86_64 1.0 40.00 191.00 231.00 NOTE
r-release-osx-x86_64 1.0 NOTE
r-oldrel-windows-ix86+x86_64 1.0 15.00 103.00 118.00 NOTE
r-oldrel-osx-x86_64 1.0 NOTE

Check Details

Version: 1.0
Check: DESCRIPTION meta-information
Result: NOTE
    Malformed Title field: should not end in a period.
Flavors: r-devel-linux-x86_64-debian-clang, r-devel-linux-x86_64-debian-gcc, r-devel-linux-x86_64-fedora-clang, r-devel-linux-x86_64-fedora-gcc, r-devel-windows-ix86+x86_64, r-devel-windows-ix86+x86_64-gcc8, r-patched-linux-x86_64, r-patched-solaris-x86, r-release-linux-x86_64, r-release-windows-ix86+x86_64, r-release-osx-x86_64, r-oldrel-windows-ix86+x86_64, r-oldrel-osx-x86_64

Version: 1.0
Check: R code for possible problems
Result: NOTE
    covTranspose11: warning in glasso(sc, 2 * rhoc/n, wi.init = gc$wi,
     w.init = gc$w, maxit = maxit.glasso, thr = thr.glasso, penalize.diag
     = pen.diag): partial argument match of 'penalize.diag' to
     'penalize.diagonal'
    covTranspose11: warning in glasso(sr, 2 * rhor/p, wi.init = gr$wi,
     w.init = gr$w, maxit = maxit.glasso, thr = thr.glasso, penalize.diag
     = pen.diag): partial argument match of 'penalize.diag' to
     'penalize.diagonal'
    .help.ESS: no visible global function definition for 'index.search'
    TransSphere : ttin: no visible global function definition for 't.test'
    TransSphere: no visible global function definition for 'sd'
    TransSphere: no visible global function definition for 'quantile'
    TransSphere: no visible global function definition for 'pt'
    Undefined global functions or variables:
     index.search pt quantile sd t.test
    Consider adding
     importFrom("stats", "pt", "quantile", "sd", "t.test")
    to your NAMESPACE file.
Flavors: r-devel-linux-x86_64-debian-clang, r-devel-linux-x86_64-debian-gcc, r-devel-linux-x86_64-fedora-clang, r-devel-linux-x86_64-fedora-gcc, r-devel-windows-ix86+x86_64, r-devel-windows-ix86+x86_64-gcc8, r-patched-linux-x86_64, r-patched-solaris-x86, r-release-linux-x86_64, r-release-windows-ix86+x86_64, r-release-osx-x86_64, r-oldrel-windows-ix86+x86_64, r-oldrel-osx-x86_64