CRAN Package Check Results for Package UKgrid

Last updated on 2020-01-22 02:50:19 CET.

Flavor Version Tinstall Tcheck Ttotal Status Flags
r-devel-linux-x86_64-debian-clang 0.1.2 4.94 69.83 74.77 OK
r-devel-linux-x86_64-debian-gcc 0.1.2 4.66 50.86 55.52 OK
r-devel-linux-x86_64-fedora-clang 0.1.2 48.35 OK
r-devel-linux-x86_64-fedora-gcc 0.1.2 61.00 OK
r-devel-windows-ix86+x86_64 0.1.2 15.00 108.00 123.00 OK
r-devel-windows-ix86+x86_64-gcc8 0.1.2 15.00 110.00 125.00 OK
r-patched-linux-x86_64 0.1.2 4.19 61.01 65.20 OK
r-patched-solaris-x86 0.1.2 93.70 NOTE
r-release-linux-x86_64 0.1.2 3.91 60.65 64.56 OK
r-release-windows-ix86+x86_64 0.1.2 7.00 63.00 70.00 OK
r-release-osx-x86_64 0.1.2 OK
r-oldrel-windows-ix86+x86_64 0.1.2 6.00 73.00 79.00 OK
r-oldrel-osx-x86_64 0.1.2 OK

Check Details

Version: 0.1.2
Check: package dependencies
Result: NOTE
    Package suggested but not available for checking: ‘TSstudio’
Flavor: r-patched-solaris-x86