CRAN Package Check Results for Package WindCurves

Last updated on 2020-06-02 03:48:06 CEST.

Flavor Version Tinstall Tcheck Ttotal Status Flags
r-devel-linux-x86_64-debian-clang 0.1.3 3.03 27.16 30.19 NOTE
r-devel-linux-x86_64-debian-gcc 0.1.3 2.43 21.56 23.99 NOTE
r-devel-linux-x86_64-fedora-clang 0.1.3 44.73 NOTE
r-devel-linux-x86_64-fedora-gcc 0.1.3 38.37 NOTE
r-devel-windows-ix86+x86_64 0.1.3 13.00 60.00 73.00 NOTE
r-patched-linux-x86_64 0.1.3 2.62 27.20 29.82 NOTE
r-patched-solaris-x86 0.1.3 56.60 NOTE
r-release-linux-x86_64 0.1.3 3.14 27.25 30.39 NOTE
r-release-osx-x86_64 0.1.3 NOTE
r-release-windows-ix86+x86_64 0.1.3 12.00 45.00 57.00 NOTE
r-oldrel-osx-x86_64 0.1.3 NOTE
r-oldrel-windows-ix86+x86_64 0.1.3 8.00 41.00 49.00 OK

Check Details

Version: 0.1.3
Check: package vignettes
Result: NOTE
    Package vignette with placeholder title 'Vignette Title':
     'WindCurves_Info.Rmd'
Flavors: r-devel-linux-x86_64-debian-clang, r-devel-linux-x86_64-debian-gcc, r-devel-windows-ix86+x86_64, r-patched-linux-x86_64, r-release-linux-x86_64, r-release-windows-ix86+x86_64

Version: 0.1.3
Check: dependencies in R code
Result: NOTE
    Namespaces in Imports field not imported from:
     ‘drc’ ‘imputeTestbench’
     All declared Imports should be used.
Flavors: r-devel-linux-x86_64-fedora-clang, r-devel-linux-x86_64-fedora-gcc, r-patched-solaris-x86, r-release-osx-x86_64, r-oldrel-osx-x86_64