CRAN Package Check Results for Package XGR

Last updated on 2019-12-09 02:46:59 CET.

Flavor Version Tinstall Tcheck Ttotal Status Flags
r-devel-linux-x86_64-debian-clang 1.1.6 40.41 269.16 309.57 OK
r-devel-linux-x86_64-debian-gcc 1.1.6 34.74 206.49 241.23 OK
r-devel-linux-x86_64-fedora-clang 1.1.6 388.32 OK
r-devel-linux-x86_64-fedora-gcc 1.1.6 381.15 OK
r-devel-windows-ix86+x86_64 1.1.6 63.00 373.00 436.00 OK
r-devel-windows-ix86+x86_64-gcc8 1.1.6 70.00 312.00 382.00 OK
r-patched-linux-x86_64 1.1.6 34.65 236.16 270.81 OK
r-patched-solaris-x86 1.1.6 455.10 OK
r-release-linux-x86_64 1.1.6 33.07 232.62 265.69 OK
r-release-windows-ix86+x86_64 1.1.6 61.00 261.00 322.00 OK
r-release-osx-x86_64 1.1.6 ERROR
r-oldrel-windows-ix86+x86_64 1.1.6 35.00 207.00 242.00 OK
r-oldrel-osx-x86_64 1.1.6 NOTE

Check Details

Version: 1.1.6
Check: whether package can be installed
Result: ERROR
    Installation failed.
Flavor: r-release-osx-x86_64

Version: 1.1.6
Check: package dependencies
Result: NOTE
    Package suggested but not available for checking: ‘rtracklayer’
Flavor: r-oldrel-osx-x86_64