CRAN Package Check Results for Package XLConnectJars

Last updated on 2020-02-24 02:47:19 CET.

Flavor Version Tinstall Tcheck Ttotal Status Flags
r-devel-linux-x86_64-debian-clang 0.2-15 4.69 30.79 35.48 OK
r-devel-linux-x86_64-debian-gcc 0.2-15 OK
r-devel-linux-x86_64-fedora-clang 0.2-15 41.90 NOTE
r-devel-linux-x86_64-fedora-gcc 0.2-15 45.76 OK
r-devel-windows-ix86+x86_64 0.2-15 10.00 42.00 52.00 NOTE
r-devel-windows-ix86+x86_64-gcc8 0.2-15 14.00 60.00 74.00 NOTE
r-patched-linux-x86_64 0.2-15 OK
r-patched-solaris-x86 0.2-15 66.00 NOTE
r-release-linux-x86_64 0.2-15 3.79 27.81 31.60 OK
r-release-windows-ix86+x86_64 0.2-15 9.00 58.00 67.00 NOTE
r-release-osx-x86_64 0.2-15 NOTE
r-oldrel-windows-ix86+x86_64 0.2-15 8.00 41.00 49.00 NOTE
r-oldrel-osx-x86_64 0.2-15 NOTE

Check Details

Version: 0.2-15
Check: installed package size
Result: NOTE
     installed size is 19.1Mb
     sub-directories of 1Mb or more:
     java 19.0Mb
Flavors: r-devel-linux-x86_64-fedora-clang, r-devel-windows-ix86+x86_64, r-devel-windows-ix86+x86_64-gcc8, r-patched-solaris-x86, r-release-windows-ix86+x86_64, r-release-osx-x86_64, r-oldrel-windows-ix86+x86_64, r-oldrel-osx-x86_64