CRAN Package Check Results for Package ZVCV

Last updated on 2020-09-29 03:48:38 CEST.

Flavor Version Tinstall Tcheck Ttotal Status Flags
r-devel-linux-x86_64-debian-clang 2.1.0 131.42 92.25 223.67 OK
r-devel-linux-x86_64-debian-gcc 2.1.0 97.05 68.73 165.78 OK
r-devel-linux-x86_64-fedora-clang 2.1.0 339.51 NOTE
r-devel-linux-x86_64-fedora-gcc 2.1.0 272.60 OK
r-devel-windows-ix86+x86_64 2.1.0 219.00 167.00 386.00 OK
r-patched-linux-x86_64 2.1.0 113.71 84.00 197.71 OK
r-patched-solaris-x86 2.1.0 263.30 OK
r-release-linux-x86_64 2.1.0 102.78 84.38 187.16 OK
r-release-macos-x86_64 2.1.0 NOTE
r-release-windows-ix86+x86_64 2.1.0 261.00 162.00 423.00 OK
r-oldrel-macos-x86_64 2.1.0 NOTE
r-oldrel-windows-ix86+x86_64 2.1.0 239.00 161.00 400.00 OK

Additional issues

rchk

Check Details

Version: 2.1.0
Check: installed package size
Result: NOTE
     installed size is 12.3Mb
     sub-directories of 1Mb or more:
     libs 12.0Mb
Flavors: r-devel-linux-x86_64-fedora-clang, r-release-macos-x86_64, r-oldrel-macos-x86_64