CRAN Package Check Results for Package abbyyR

Last updated on 2020-10-01 03:48:26 CEST.

Flavor Version Tinstall Tcheck Ttotal Status Flags
r-devel-linux-x86_64-debian-clang 0.5.5 5.58 50.38 55.96 OK
r-devel-linux-x86_64-debian-gcc 0.5.5 0.45 2.48 2.93 ERROR
r-devel-linux-x86_64-fedora-clang 0.5.5 79.13 OK
r-devel-linux-x86_64-fedora-gcc 0.5.5 65.52 OK
r-devel-windows-ix86+x86_64 0.5.5 11.00 75.00 86.00 OK
r-patched-linux-x86_64 0.5.5 5.62 46.49 52.11 OK
r-patched-solaris-x86 0.5.5 99.10 OK
r-release-linux-x86_64 0.5.5 5.32 46.66 51.98 OK
r-release-macos-x86_64 0.5.5 OK
r-release-windows-ix86+x86_64 0.5.5 13.00 79.00 92.00 OK
r-oldrel-macos-x86_64 0.5.5 OK
r-oldrel-windows-ix86+x86_64 0.5.5 11.00 86.00 97.00 OK

Check Details

Version: 0.5.5
Check: whether package can be installed
Result: ERROR
    Installation failed.
Flavor: r-devel-linux-x86_64-debian-gcc