CRAN Package Check Results for Package abjutils

Last updated on 2021-01-17 14:48:42 CET.

Flavor Version Tinstall Tcheck Ttotal Status Flags
r-devel-linux-x86_64-debian-clang 0.3.1 2.19 26.94 29.13 OK
r-devel-linux-x86_64-debian-gcc 0.3.1 1.89 21.67 23.56 OK
r-devel-linux-x86_64-fedora-clang 0.3.1 46.05 NOTE
r-devel-linux-x86_64-fedora-gcc 0.3.1 35.56 OK
r-devel-windows-ix86+x86_64 0.3.1 5.00 33.00 38.00 OK
r-patched-linux-x86_64 0.3.1 2.50 26.11 28.61 OK
r-patched-solaris-x86 0.3.1 51.40 OK
r-release-linux-x86_64 0.3.1 2.61 26.22 28.83 OK
r-release-macos-x86_64 0.3.1 OK
r-release-windows-ix86+x86_64 0.3.1 5.00 34.00 39.00 OK
r-oldrel-macos-x86_64 0.3.1 ERROR
r-oldrel-windows-ix86+x86_64 0.2.3 7.00 42.00 49.00 NOTE

Check Details

Version: 0.3.1
Check: Rd cross-references
Result: NOTE
    Undeclared package ‘httr’ in Rd xrefs
Flavor: r-devel-linux-x86_64-fedora-clang

Version: 0.3.1
Check: whether package can be installed
Result: ERROR
    Installation failed.
Flavor: r-oldrel-macos-x86_64

Version: 0.2.3
Check: dependencies in R code
Result: NOTE
    Missing or unexported object: 'devtools::use_package'
Flavor: r-oldrel-windows-ix86+x86_64