CRAN Package Check Results for Package accSDA

Last updated on 2020-02-21 14:46:54 CET.

Flavor Version Tinstall Tcheck Ttotal Status Flags
r-devel-linux-x86_64-debian-clang 1.0.0 4.64 35.61 40.25 OK
r-devel-linux-x86_64-debian-gcc 1.0.0 3.91 27.60 31.51 OK
r-devel-linux-x86_64-fedora-clang 1.0.0 47.93 NOTE
r-devel-linux-x86_64-fedora-gcc 1.0.0 49.38 NOTE
r-devel-windows-ix86+x86_64 1.0.0 11.00 45.00 56.00 OK
r-devel-windows-ix86+x86_64-gcc8 1.0.0 12.00 63.00 75.00 OK
r-patched-linux-x86_64 1.0.0 3.98 32.88 36.86 OK
r-patched-solaris-x86 1.0.0 64.60 NOTE
r-release-linux-x86_64 1.0.0 4.12 32.26 36.38 OK
r-release-windows-ix86+x86_64 1.0.0 8.00 46.00 54.00 OK
r-release-osx-x86_64 1.0.0 NOTE
r-oldrel-windows-ix86+x86_64 1.0.0 5.00 45.00 50.00 OK
r-oldrel-osx-x86_64 1.0.0 NOTE

Check Details

Version: 1.0.0
Check: dependencies in R code
Result: NOTE
    Namespaces in Imports field not imported from:
     ‘rARPACK’ ‘sparseLDA’
     All declared Imports should be used.
Flavors: r-devel-linux-x86_64-fedora-clang, r-devel-linux-x86_64-fedora-gcc, r-patched-solaris-x86, r-release-osx-x86_64, r-oldrel-osx-x86_64