CRAN Package Check Results for Package accSDA

Last updated on 2019-09-23 03:48:51 CEST.

Flavor Version Tinstall Tcheck Ttotal Status Flags
r-devel-linux-x86_64-debian-clang 1.0.0 4.00 32.50 36.50 OK
r-devel-linux-x86_64-debian-gcc 1.0.0 3.53 25.88 29.41 OK
r-devel-linux-x86_64-fedora-clang 1.0.0 45.53 NOTE
r-devel-linux-x86_64-fedora-gcc 1.0.0 43.32 NOTE
r-devel-windows-ix86+x86_64 1.0.0 20.00 68.00 88.00 OK
r-patched-linux-x86_64 1.0.0 3.93 32.22 36.15 OK
r-patched-solaris-x86 1.0.0 66.70 NOTE
r-release-linux-x86_64 1.0.0 4.73 32.04 36.77 OK
r-release-windows-ix86+x86_64 1.0.0 14.00 63.00 77.00 OK
r-release-osx-x86_64 1.0.0 NOTE
r-oldrel-windows-ix86+x86_64 1.0.0 5.00 43.00 48.00 OK
r-oldrel-osx-x86_64 1.0.0 NOTE

Check Details

Version: 1.0.0
Check: dependencies in R code
Result: NOTE
    Namespaces in Imports field not imported from:
     ‘rARPACK’ ‘sparseLDA’
     All declared Imports should be used.
Flavors: r-devel-linux-x86_64-fedora-clang, r-devel-linux-x86_64-fedora-gcc, r-patched-solaris-x86, r-release-osx-x86_64, r-oldrel-osx-x86_64