CRAN Package Check Results for Package adaptMCMC

Last updated on 2020-08-04 03:47:42 CEST.

Flavor Version Tinstall Tcheck Ttotal Status Flags
r-devel-linux-x86_64-debian-clang 1.3 6.72 55.89 62.61 OK
r-devel-linux-x86_64-debian-gcc 1.3 6.05 43.37 49.42 OK
r-devel-linux-x86_64-fedora-clang 1.3 82.90 NOTE
r-devel-linux-x86_64-fedora-gcc 1.3 74.89 OK
r-devel-windows-ix86+x86_64 1.3 17.00 73.00 90.00 OK
r-patched-linux-x86_64 1.3 7.19 55.44 62.63 OK
r-patched-solaris-x86 1.3 126.30 OK
r-release-linux-x86_64 1.3 6.85 54.86 61.71 OK
r-release-macos-x86_64 1.3 OK
r-release-windows-ix86+x86_64 1.3 19.00 91.00 110.00 OK
r-oldrel-macos-x86_64 1.3 OK
r-oldrel-windows-ix86+x86_64 1.3 12.00 86.00 98.00 OK

Check Details

Version: 1.3
Check: Rd cross-references
Result: NOTE
    Undeclared packages ‘HI’, ‘MHadaptive’ in Rd xrefs
Flavor: r-devel-linux-x86_64-fedora-clang