CRAN Package Check Results for Package adaptsmoFMRI

Last updated on 2020-09-18 03:49:32 CEST.

Flavor Version Tinstall Tcheck Ttotal Status Flags
r-devel-linux-x86_64-debian-clang 1.1 11.85 96.61 108.46 NOTE
r-devel-linux-x86_64-debian-gcc 1.1 11.83 74.68 86.51 NOTE
r-devel-linux-x86_64-fedora-clang 1.1 146.25 NOTE
r-devel-linux-x86_64-fedora-gcc 1.1 142.56 NOTE
r-devel-windows-ix86+x86_64 1.1 26.00 120.00 146.00 NOTE
r-patched-linux-x86_64 1.1 13.23 94.29 107.52 NOTE
r-patched-solaris-x86 1.1 204.30 NOTE
r-release-linux-x86_64 1.1 12.14 96.22 108.36 NOTE
r-release-macos-x86_64 1.1 NOTE
r-release-windows-ix86+x86_64 1.1 26.00 94.00 120.00 NOTE
r-oldrel-macos-x86_64 1.1 NOTE
r-oldrel-windows-ix86+x86_64 1.1 18.00 112.00 130.00 NOTE

Check Details

Version: 1.1
Check: package dependencies
Result: NOTE
    Depends: includes the non-default packages:
     'Matrix', 'coda', 'mvtnorm', 'MCMCpack', 'spatstat', 'parallel'
    Adding so many packages to the search path is excessive and importing
    selectively is preferable.
Flavors: r-devel-linux-x86_64-debian-clang, r-devel-linux-x86_64-debian-gcc, r-devel-linux-x86_64-fedora-clang, r-devel-linux-x86_64-fedora-gcc, r-devel-windows-ix86+x86_64, r-patched-linux-x86_64, r-patched-solaris-x86, r-release-linux-x86_64, r-release-macos-x86_64, r-release-windows-ix86+x86_64, r-oldrel-macos-x86_64, r-oldrel-windows-ix86+x86_64

Version: 1.1
Check: dependencies in R code
Result: NOTE
    'library' or 'require' calls to packages already attached by Depends:
     'MCMCpack' 'Matrix' 'coda' 'mvtnorm' 'parallel' 'spatstat'
     Please remove these calls from your code.
Flavors: r-devel-linux-x86_64-debian-clang, r-devel-linux-x86_64-debian-gcc, r-devel-linux-x86_64-fedora-clang, r-devel-linux-x86_64-fedora-gcc, r-devel-windows-ix86+x86_64, r-patched-linux-x86_64, r-patched-solaris-x86, r-release-linux-x86_64, r-release-macos-x86_64, r-release-windows-ix86+x86_64, r-oldrel-macos-x86_64, r-oldrel-windows-ix86+x86_64

Version: 1.1
Check: R code for possible problems
Result: NOTE
    adaptiveGMRF: no visible global function definition for 'as'
    adaptiveGMRF: no visible global function definition for 'rnorm'
    adaptiveGMRF: no visible global function definition for 'rgamma'
    adaptiveGMRF: no visible global function definition for 'runif'
    adaptiveGMRF: no visible global function definition for 'median'
    adaptiveGMRF: no visible binding for global variable 'median'
    adaptiveGMRF2COVAR: no visible global function definition for 'as'
    adaptiveGMRF2COVAR: no visible global function definition for 'rnorm'
    adaptiveGMRF2COVAR: no visible global function definition for 'rgamma'
    adaptiveGMRF2COVAR : drawWeights.Var1: no visible global function
     definition for 'rgamma'
    adaptiveGMRF2COVAR : drawWeights.Var1: no visible global function
     definition for 'runif'
    adaptiveGMRF2COVAR : drawWeights.Var2: no visible global function
     definition for 'rgamma'
    adaptiveGMRF2COVAR : drawWeights.Var2: no visible global function
     definition for 'runif'
    adaptiveGMRF2COVAR: no visible global function definition for 'median'
    adaptiveGMRF2COVAR: no visible binding for global variable 'median'
    sim.adaptiveGMRF: no visible global function definition for 'as'
    sim.adaptiveGMRF: no visible global function definition for 'rnorm'
    sim.adaptiveGMRF: no visible global function definition for 'rgamma'
    sim.adaptiveGMRF: no visible global function definition for 'runif'
    sim.adaptiveGMRF: no visible global function definition for 'median'
    sim.adaptiveGMRF2COVAR: no visible global function definition for 'as'
    sim.adaptiveGMRF2COVAR: no visible global function definition for
     'rnorm'
    sim.adaptiveGMRF2COVAR: no visible global function definition for
     'rgamma'
    sim.adaptiveGMRF2COVAR : drawWeights.Var1: no visible global function
     definition for 'rgamma'
    sim.adaptiveGMRF2COVAR : drawWeights.Var1: no visible global function
     definition for 'runif'
    sim.adaptiveGMRF2COVAR : drawWeights.Var2: no visible global function
     definition for 'rgamma'
    sim.adaptiveGMRF2COVAR : drawWeights.Var2: no visible global function
     definition for 'runif'
    sim.adaptiveGMRF2COVAR: no visible global function definition for
     'median'
    sim.fmri: no visible global function definition for 'as'
    sim.fmri: no visible global function definition for 'rnorm'
    sim.fmri2COVAR: no visible global function definition for 'as'
    sim.fmri2COVAR: no visible global function definition for 'rnorm'
    sim.weightsplot: no visible binding for global variable 'median'
    weightsplot: no visible binding for global variable 'median'
    Undefined global functions or variables:
     as median rgamma rnorm runif
    Consider adding
     importFrom("methods", "as")
     importFrom("stats", "median", "rgamma", "rnorm", "runif")
    to your NAMESPACE file (and ensure that your DESCRIPTION Imports field
    contains 'methods').
Flavors: r-devel-linux-x86_64-debian-clang, r-devel-linux-x86_64-debian-gcc, r-devel-linux-x86_64-fedora-clang, r-devel-linux-x86_64-fedora-gcc, r-patched-linux-x86_64, r-patched-solaris-x86, r-release-linux-x86_64, r-release-macos-x86_64, r-oldrel-macos-x86_64

Version: 1.1
Check: R code for possible problems
Result: NOTE
    adaptiveGMRF: no visible global function definition for 'as'
    adaptiveGMRF: no visible global function definition for 'rnorm'
    adaptiveGMRF: no visible global function definition for 'rgamma'
    adaptiveGMRF: no visible global function definition for 'runif'
    adaptiveGMRF: no visible global function definition for 'median'
    adaptiveGMRF: no visible binding for global variable 'median'
    adaptiveGMRF2COVAR: no visible global function definition for 'as'
    adaptiveGMRF2COVAR: no visible global function definition for 'rnorm'
    adaptiveGMRF2COVAR: no visible global function definition for 'rgamma'
    adaptiveGMRF2COVAR : drawWeights.Var1: no visible global function
     definition for 'rgamma'
    adaptiveGMRF2COVAR : drawWeights.Var1: no visible global function
     definition for 'runif'
    adaptiveGMRF2COVAR : drawWeights.Var2: no visible global function
     definition for 'rgamma'
    adaptiveGMRF2COVAR : drawWeights.Var2: no visible global function
     definition for 'runif'
    adaptiveGMRF2COVAR: no visible global function definition for
     'mcparallel'
    adaptiveGMRF2COVAR: no visible global function definition for
     'mccollect'
    adaptiveGMRF2COVAR: no visible global function definition for 'median'
    adaptiveGMRF2COVAR: no visible binding for global variable 'median'
    sim.adaptiveGMRF: no visible global function definition for 'as'
    sim.adaptiveGMRF: no visible global function definition for 'rnorm'
    sim.adaptiveGMRF: no visible global function definition for 'rgamma'
    sim.adaptiveGMRF: no visible global function definition for 'runif'
    sim.adaptiveGMRF: no visible global function definition for 'median'
    sim.adaptiveGMRF2COVAR: no visible global function definition for 'as'
    sim.adaptiveGMRF2COVAR: no visible global function definition for
     'rnorm'
    sim.adaptiveGMRF2COVAR: no visible global function definition for
     'rgamma'
    sim.adaptiveGMRF2COVAR : drawWeights.Var1: no visible global function
     definition for 'rgamma'
    sim.adaptiveGMRF2COVAR : drawWeights.Var1: no visible global function
     definition for 'runif'
    sim.adaptiveGMRF2COVAR : drawWeights.Var2: no visible global function
     definition for 'rgamma'
    sim.adaptiveGMRF2COVAR : drawWeights.Var2: no visible global function
     definition for 'runif'
    sim.adaptiveGMRF2COVAR: no visible global function definition for
     'mcparallel'
    sim.adaptiveGMRF2COVAR: no visible global function definition for
     'mccollect'
    sim.adaptiveGMRF2COVAR: no visible global function definition for
     'median'
    sim.fmri: no visible global function definition for 'as'
    sim.fmri: no visible global function definition for 'rnorm'
    sim.fmri2COVAR: no visible global function definition for 'as'
    sim.fmri2COVAR: no visible global function definition for 'rnorm'
    sim.weightsplot: no visible binding for global variable 'median'
    weightsplot: no visible binding for global variable 'median'
    Undefined global functions or variables:
     as mccollect mcparallel median rgamma rnorm runif
    Consider adding
     importFrom("methods", "as")
     importFrom("stats", "median", "rgamma", "rnorm", "runif")
    to your NAMESPACE file (and ensure that your DESCRIPTION Imports field
    contains 'methods').
Flavors: r-devel-windows-ix86+x86_64, r-release-windows-ix86+x86_64, r-oldrel-windows-ix86+x86_64