CRAN Package Check Results for Package ade4

Last updated on 2020-09-23 06:00:36 CEST.

Flavor Version Tinstall Tcheck Ttotal Status Flags
r-devel-linux-x86_64-debian-clang 1.7-15 50.99 314.85 365.84 OK
r-devel-linux-x86_64-debian-gcc 1.7-15 40.59 244.06 284.65 OK
r-devel-linux-x86_64-fedora-clang 1.7-15 446.74 NOTE
r-devel-linux-x86_64-fedora-gcc 1.7-15 440.72 NOTE
r-devel-windows-ix86+x86_64 1.7-15 86.00 628.00 714.00 NOTE
r-patched-linux-x86_64 1.7-15 43.86 312.91 356.77 OK
r-patched-solaris-x86 1.7-15 537.70 NOTE
r-release-linux-x86_64 1.7-15 45.86 310.19 356.05 OK
r-release-macos-x86_64 1.7-15 NOTE
r-release-windows-ix86+x86_64 1.7-15 71.00 657.00 728.00 NOTE
r-oldrel-macos-x86_64 1.7-15 NOTE
r-oldrel-windows-ix86+x86_64 1.7-15 54.00 450.00 504.00 NOTE

Check Details

Version: 1.7-15
Check: installed package size
Result: NOTE
     installed size is 7.8Mb
     sub-directories of 1Mb or more:
     R 1.4Mb
     data 2.8Mb
     pictures 2.1Mb
Flavors: r-devel-linux-x86_64-fedora-clang, r-devel-windows-ix86+x86_64, r-patched-solaris-x86, r-release-macos-x86_64, r-release-windows-ix86+x86_64, r-oldrel-macos-x86_64, r-oldrel-windows-ix86+x86_64

Version: 1.7-15
Check: dependencies in R code
Result: NOTE
    Namespace in Imports field not imported from: ‘sp’
     All declared Imports should be used.
Flavors: r-devel-linux-x86_64-fedora-clang, r-devel-linux-x86_64-fedora-gcc, r-patched-solaris-x86, r-release-macos-x86_64

Version: 1.7-15
Check: dependencies in R code
Result: NOTE
    No protocol specified
    No protocol specified
    No protocol specified
    No protocol specified
    Namespace in Imports field not imported from: ‘sp’
     All declared Imports should be used.
Flavor: r-oldrel-macos-x86_64