CRAN Package Check Results for Package ade4

Last updated on 2020-07-13 03:47:34 CEST.

Flavor Version Tinstall Tcheck Ttotal Status Flags
r-devel-linux-x86_64-debian-clang 1.7-15 48.26 314.96 363.22 OK
r-devel-linux-x86_64-debian-gcc 1.7-15 38.23 233.42 271.65 OK
r-devel-linux-x86_64-fedora-clang 1.7-15 435.27 NOTE
r-devel-linux-x86_64-fedora-gcc 1.7-15 433.75 NOTE
r-devel-windows-ix86+x86_64 1.7-15 94.00 673.00 767.00 NOTE
r-patched-linux-x86_64 1.7-15 42.97 309.70 352.67 OK
r-patched-solaris-x86 1.7-15 540.00 NOTE
r-release-linux-x86_64 1.7-15 48.01 312.30 360.31 OK
r-release-macos-x86_64 1.7-15 NOTE
r-release-windows-ix86+x86_64 1.7-15 94.00 652.00 746.00 NOTE
r-oldrel-macos-x86_64 1.7-15 NOTE
r-oldrel-windows-ix86+x86_64 1.7-15 88.00 467.00 555.00 NOTE

Check Details

Version: 1.7-15
Check: installed package size
Result: NOTE
     installed size is 7.8Mb
     sub-directories of 1Mb or more:
     R 1.4Mb
     data 2.8Mb
     pictures 2.1Mb
Flavors: r-devel-linux-x86_64-fedora-clang, r-devel-windows-ix86+x86_64, r-patched-solaris-x86, r-release-macos-x86_64, r-release-windows-ix86+x86_64, r-oldrel-macos-x86_64, r-oldrel-windows-ix86+x86_64

Version: 1.7-15
Check: dependencies in R code
Result: NOTE
    Namespace in Imports field not imported from: ‘sp’
     All declared Imports should be used.
Flavors: r-devel-linux-x86_64-fedora-clang, r-devel-linux-x86_64-fedora-gcc, r-patched-solaris-x86, r-release-macos-x86_64

Version: 1.7-15
Check: dependencies in R code
Result: NOTE
    No protocol specified
    No protocol specified
    No protocol specified
    No protocol specified
    Namespace in Imports field not imported from: ‘sp’
     All declared Imports should be used.
Flavor: r-oldrel-macos-x86_64