CRAN Package Check Results for Package aiRthermo

Last updated on 2020-07-16 03:46:27 CEST.

Flavor Version Tinstall Tcheck Ttotal Status Flags
r-devel-linux-x86_64-debian-clang 1.2.1 4.81 29.69 34.50 NOTE
r-devel-linux-x86_64-debian-gcc 1.2.1 3.86 23.40 27.26 NOTE
r-devel-linux-x86_64-fedora-clang 1.2.1 49.87 NOTE
r-devel-linux-x86_64-fedora-gcc 1.2.1 41.73 NOTE
r-devel-windows-ix86+x86_64 1.2.1 16.00 72.00 88.00 OK
r-patched-linux-x86_64 1.2.1 4.69 28.87 33.56 NOTE
r-patched-solaris-x86 1.2.1 61.70 NOTE
r-release-linux-x86_64 1.2.1 4.47 29.01 33.48 NOTE
r-release-windows-ix86+x86_64 1.2.1 12.00 49.00 61.00 OK
r-oldrel-macos-x86_64 1.2.1 OK
r-oldrel-windows-ix86+x86_64 1.2.1 11.00 65.00 76.00 OK

Check Details

Version: 1.2.1
Check: for non-standard things in the check directory
Result: NOTE
    Found the following files/directories:
     'stuve.pdf'
Flavors: r-devel-linux-x86_64-debian-clang, r-devel-linux-x86_64-debian-gcc, r-devel-linux-x86_64-fedora-clang, r-devel-linux-x86_64-fedora-gcc, r-patched-linux-x86_64, r-patched-solaris-x86, r-release-linux-x86_64