CRAN Package Check Results for Package akmedoids

Last updated on 2020-05-30 15:48:13 CEST.

Flavor Version Tinstall Tcheck Ttotal Status Flags
r-devel-linux-x86_64-debian-clang 0.1.5 15.12 133.30 148.42 OK
r-devel-linux-x86_64-debian-gcc 0.1.5 12.39 101.03 113.42 OK
r-devel-linux-x86_64-fedora-clang 0.1.5 171.16 OK
r-devel-linux-x86_64-fedora-gcc 0.1.5 176.21 OK
r-devel-windows-ix86+x86_64 0.1.5 47.00 197.00 244.00 OK
r-patched-linux-x86_64 0.1.5 10.49 130.18 140.67 OK
r-patched-solaris-x86 0.1.5 252.60 OK
r-release-linux-x86_64 0.1.5 11.05 130.24 141.29 OK
r-release-osx-x86_64 0.1.5 OK
r-release-windows-ix86+x86_64 0.1.5 36.00 152.00 188.00 OK
r-oldrel-osx-x86_64 0.1.5 WARN
r-oldrel-windows-ix86+x86_64 0.1.5 29.00 147.00 176.00 OK

Check Details

Version: 0.1.5
Check: whether package can be installed
Result: WARN
    Found the following significant warnings:
     Warning: 'rgl_init' failed, running with rgl.useNULL = TRUE
Flavor: r-oldrel-osx-x86_64

Version: 0.1.5
Check: dependencies in R code
Result: NOTE
    No protocol specified
Flavor: r-oldrel-osx-x86_64

Version: 0.1.5
Check: S3 generic/method consistency
Result: WARN
    No protocol specified
    See section ‘Generic functions and methods’ in the ‘Writing R
    Extensions’ manual.
Flavor: r-oldrel-osx-x86_64

Version: 0.1.5
Check: replacement functions
Result: WARN
    No protocol specified
    The argument of a replacement function which corresponds to the right
    hand side must be named ‘value’.
Flavor: r-oldrel-osx-x86_64

Version: 0.1.5
Check: foreign function calls
Result: NOTE
    No protocol specified
    See chapter ‘System and foreign language interfaces’ in the ‘Writing R
    Extensions’ manual.
Flavor: r-oldrel-osx-x86_64

Version: 0.1.5
Check: R code for possible problems
Result: NOTE
    No protocol specified
Flavor: r-oldrel-osx-x86_64

Version: 0.1.5
Check: for missing documentation entries
Result: WARN
    No protocol specified
    All user-level objects in a package should have documentation entries.
    See chapter ‘Writing R documentation files’ in the ‘Writing R
    Extensions’ manual.
Flavor: r-oldrel-osx-x86_64

Version: 0.1.5
Check: for code/documentation mismatches
Result: WARN
    No protocol specified
    No protocol specified
    No protocol specified
Flavor: r-oldrel-osx-x86_64

Version: 0.1.5
Check: Rd \usage sections
Result: NOTE
    No protocol specified
    The \usage entries for S3 methods should use the \method markup and not
    their full name.
    See chapter ‘Writing R documentation files’ in the ‘Writing R
    Extensions’ manual.
Flavor: r-oldrel-osx-x86_64