CRAN Package Check Results for Package alookr

Last updated on 2020-10-23 03:48:36 CEST.

Flavor Version Tinstall Tcheck Ttotal Status Flags
r-devel-linux-x86_64-debian-clang 0.3.2 19.12 236.16 255.28 OK
r-devel-linux-x86_64-debian-gcc 0.3.2 15.60 178.88 194.48 OK
r-devel-linux-x86_64-fedora-clang 0.3.2 321.53 OK
r-devel-linux-x86_64-fedora-gcc 0.3.2 325.24 OK
r-devel-windows-ix86+x86_64 0.3.2 46.00 266.00 312.00 OK
r-patched-linux-x86_64 0.3.2 19.63 221.56 241.19 OK
r-patched-solaris-x86 0.3.2 477.00 OK
r-release-linux-x86_64 0.3.2 17.40 223.13 240.53 OK
r-release-macos-x86_64 0.3.2 OK
r-release-windows-ix86+x86_64 0.3.2 49.00 258.00 307.00 OK
r-oldrel-macos-x86_64 0.3.2 WARN
r-oldrel-windows-ix86+x86_64 0.3.2 39.00 261.00 300.00 OK

Check Details

Version: 0.3.2
Check: dependencies in R code
Result: NOTE
    No protocol specified
    No protocol specified
Flavor: r-oldrel-macos-x86_64

Version: 0.3.2
Check: S3 generic/method consistency
Result: WARN
    No protocol specified
    No protocol specified
    See section ‘Generic functions and methods’ in the ‘Writing R
    Extensions’ manual.
Flavor: r-oldrel-macos-x86_64

Version: 0.3.2
Check: replacement functions
Result: WARN
    No protocol specified
    No protocol specified
    The argument of a replacement function which corresponds to the right
    hand side must be named ‘value’.
Flavor: r-oldrel-macos-x86_64

Version: 0.3.2
Check: foreign function calls
Result: NOTE
    No protocol specified
    No protocol specified
    See chapter ‘System and foreign language interfaces’ in the ‘Writing R
    Extensions’ manual.
Flavor: r-oldrel-macos-x86_64

Version: 0.3.2
Check: R code for possible problems
Result: NOTE
    No protocol specified
    No protocol specified
Flavor: r-oldrel-macos-x86_64

Version: 0.3.2
Check: for missing documentation entries
Result: WARN
    No protocol specified
    No protocol specified
    All user-level objects in a package should have documentation entries.
    See chapter ‘Writing R documentation files’ in the ‘Writing R
    Extensions’ manual.
Flavor: r-oldrel-macos-x86_64

Version: 0.3.2
Check: for code/documentation mismatches
Result: WARN
    No protocol specified
    No protocol specified
    No protocol specified
    No protocol specified
    No protocol specified
    No protocol specified
Flavor: r-oldrel-macos-x86_64

Version: 0.3.2
Check: Rd \usage sections
Result: NOTE
    No protocol specified
    No protocol specified
    The \usage entries for S3 methods should use the \method markup and not
    their full name.
    See chapter ‘Writing R documentation files’ in the ‘Writing R
    Extensions’ manual.
Flavor: r-oldrel-macos-x86_64