CRAN Package Check Results for Package alphabetr

Last updated on 2019-09-21 03:48:17 CEST.

Flavor Version Tinstall Tcheck Ttotal Status Flags
r-devel-linux-x86_64-debian-clang 0.2.2 37.59 158.54 196.13 OK
r-devel-linux-x86_64-debian-gcc 0.2.2 29.27 116.76 146.03 OK
r-devel-linux-x86_64-fedora-clang 0.2.2 263.76 NOTE
r-devel-linux-x86_64-fedora-gcc 0.2.2 254.90 NOTE
r-devel-windows-ix86+x86_64 0.2.2 120.00 266.00 386.00 OK
r-patched-linux-x86_64 0.2.2 33.73 159.19 192.92 OK
r-patched-solaris-x86 0.2.2 483.30 OK
r-release-linux-x86_64 0.2.2 33.11 160.63 193.74 OK
r-release-windows-ix86+x86_64 0.2.2 76.00 211.00 287.00 OK
r-release-osx-x86_64 0.2.2 OK
r-oldrel-windows-ix86+x86_64 0.2.2 73.00 221.00 294.00 OK
r-oldrel-osx-x86_64 0.2.2 OK

Check Details

Version: 0.2.2
Check: compiled code
Result: NOTE
    File ‘alphabetr/libs/alphabetr.so’:
     Found no calls to: ‘R_registerRoutines’, ‘R_useDynamicSymbols’
    
    It is good practice to register native routines and to disable symbol
    search.
    
    See ‘Writing portable packages’ in the ‘Writing R Extensions’ manual.
Flavors: r-devel-linux-x86_64-fedora-clang, r-devel-linux-x86_64-fedora-gcc