CRAN Package Check Results for Package aods3

Last updated on 2020-08-10 15:47:45 CEST.

Flavor Version Tinstall Tcheck Ttotal Status Flags
r-devel-linux-x86_64-debian-clang 0.4-1.1 8.45 71.00 79.45 NOTE
r-devel-linux-x86_64-debian-gcc 0.4-1.1 7.97 54.47 62.44 NOTE
r-devel-linux-x86_64-fedora-clang 0.4-1.1 104.34 NOTE
r-devel-linux-x86_64-fedora-gcc 0.4-1.1 93.99 NOTE
r-devel-windows-ix86+x86_64 0.4-1.1 19.00 107.00 126.00 NOTE
r-patched-linux-x86_64 0.4-1.1 10.34 68.46 78.80 NOTE
r-patched-solaris-x86 0.4-1.1 139.00 NOTE
r-release-linux-x86_64 0.4-1.1 8.65 68.81 77.46 NOTE
r-release-macos-x86_64 0.4-1.1 NOTE
r-release-windows-ix86+x86_64 0.4-1.1 27.00 104.00 131.00 NOTE
r-oldrel-macos-x86_64 0.4-1.1 NOTE
r-oldrel-windows-ix86+x86_64 0.4-1.1 13.00 73.00 86.00 NOTE

Check Details

Version: 0.4-1.1
Check: dependencies in R code
Result: NOTE
    Packages in Depends field not imported from:
     'boot' 'lme4'
     These packages need to be imported from (in the NAMESPACE file)
     for when this namespace is loaded but not attached.
Flavors: r-devel-linux-x86_64-debian-clang, r-devel-linux-x86_64-debian-gcc, r-devel-linux-x86_64-fedora-clang, r-devel-linux-x86_64-fedora-gcc, r-devel-windows-ix86+x86_64, r-patched-linux-x86_64, r-patched-solaris-x86, r-release-linux-x86_64, r-release-macos-x86_64, r-release-windows-ix86+x86_64, r-oldrel-macos-x86_64, r-oldrel-windows-ix86+x86_64