CRAN Package Check Results for Package arcos

Last updated on 2020-07-03 15:47:54 CEST.

Flavor Version Tinstall Tcheck Ttotal Status Flags
r-devel-linux-x86_64-debian-clang 1.1 5.80 101.87 107.67 OK
r-devel-linux-x86_64-debian-gcc 1.1 4.34 76.18 80.52 OK
r-devel-linux-x86_64-fedora-clang 1.1 133.22 OK
r-devel-linux-x86_64-fedora-gcc 1.1 125.87 OK
r-devel-windows-ix86+x86_64 1.1 21.00 182.00 203.00 OK
r-patched-linux-x86_64 1.1 5.15 98.94 104.09 OK
r-patched-solaris-x86 1.1 185.60 OK
r-release-linux-x86_64 1.1 6.33 99.47 105.80 OK
r-release-osx-x86_64 1.1 WARN
r-release-windows-ix86+x86_64 1.1 14.00 129.00 143.00 OK
r-oldrel-osx-x86_64 1.1 OK
r-oldrel-windows-ix86+x86_64 1.1 22.00 168.00 190.00 OK

Check Details

Version: 1.1
Check: re-building of vignette outputs
Result: WARN
    Error(s) in re-building vignettes:
     ...
    --- re-building ‘annual-maps.Rmd’ using rmarkdown
    Quitting from lines 54-57 (annual-maps.Rmd)
    Error: processing vignette 'annual-maps.Rmd' failed with diagnostics:
    Could not resolve host: arcos-api.ext.nile.works
    --- failed re-building ‘annual-maps.Rmd’
    
    --- re-building ‘county-analysis.Rmd’ using rmarkdown
    Quitting from lines 56-59 (county-analysis.Rmd)
    Error: processing vignette 'county-analysis.Rmd' failed with diagnostics:
    Could not resolve host: arcos-api.ext.nile.works
    --- failed re-building ‘county-analysis.Rmd’
    
    SUMMARY: processing the following files failed:
     ‘annual-maps.Rmd’ ‘county-analysis.Rmd’
    
    Error: Vignette re-building failed.
    Execution halted
Flavor: r-release-osx-x86_64