CRAN Package Check Results for Package arkdb

Last updated on 2019-11-13 14:46:50 CET.

Flavor Version Tinstall Tcheck Ttotal Status Flags
r-devel-linux-x86_64-debian-clang 0.0.5 2.98 215.60 218.58 NOTE
r-devel-linux-x86_64-debian-gcc 0.0.5 2.69 170.57 173.26 NOTE
r-devel-linux-x86_64-fedora-clang 0.0.5 266.20 NOTE
r-devel-linux-x86_64-fedora-gcc 0.0.5 272.32 NOTE
r-devel-windows-ix86+x86_64 0.0.5 13.00 323.00 336.00 OK
r-patched-linux-x86_64 0.0.5 2.68 214.39 217.07 NOTE
r-patched-solaris-x86 0.0.5 365.70 NOTE
r-release-linux-x86_64 0.0.5 2.98 217.01 219.99 NOTE
r-release-windows-ix86+x86_64 0.0.5 10.00 331.00 341.00 OK
r-release-osx-x86_64 0.0.5 OK
r-oldrel-windows-ix86+x86_64 0.0.5 4.00 277.00 281.00 OK
r-oldrel-osx-x86_64 0.0.5 OK

Check Details

Version: 0.0.5
Check: package dependencies
Result: NOTE
    Package suggested but not available for checking: 'MonetDBLite'
Flavors: r-devel-linux-x86_64-debian-clang, r-devel-linux-x86_64-debian-gcc, r-devel-linux-x86_64-fedora-clang, r-devel-linux-x86_64-fedora-gcc, r-patched-linux-x86_64, r-patched-solaris-x86, r-release-linux-x86_64