CRAN Package Check Results for Package arulesSequences

Last updated on 2020-02-23 02:47:18 CET.

Flavor Version Tinstall Tcheck Ttotal Status Flags
r-devel-linux-x86_64-debian-clang 0.2-24 31.56 137.52 169.08 OK
r-devel-linux-x86_64-debian-gcc 0.2-24 25.35 103.21 128.56 OK
r-devel-linux-x86_64-fedora-clang 0.2-24 226.40 OK
r-devel-linux-x86_64-fedora-gcc 0.2-24 212.85 OK
r-devel-windows-ix86+x86_64-gcc8 0.2-24 83.00 314.00 397.00 NOTE
r-patched-linux-x86_64 0.2-24 OK
r-patched-solaris-x86 0.2-24 260.60 OK
r-release-linux-x86_64 0.2-24 26.51 120.10 146.61 OK
r-release-windows-ix86+x86_64 0.2-24 76.00 205.00 281.00 NOTE
r-release-osx-x86_64 0.2-24 OK
r-oldrel-windows-ix86+x86_64 0.2-24 69.00 293.00 362.00 NOTE
r-oldrel-osx-x86_64 0.2-24 OK

Check Details

Version: 0.2-24
Check: installed package size
Result: NOTE
     installed size is 26.0Mb
     sub-directories of 1Mb or more:
     bin 22.9Mb
     misc 2.1Mb
Flavors: r-devel-windows-ix86+x86_64-gcc8, r-release-windows-ix86+x86_64, r-oldrel-windows-ix86+x86_64