CRAN Package Check Results for Package arulesViz

Last updated on 2020-02-27 06:47:47 CET.

Flavor Version Tinstall Tcheck Ttotal Status Flags
r-devel-linux-x86_64-debian-clang 1.3-3 13.99 139.36 153.35 OK
r-devel-linux-x86_64-debian-gcc 1.3-3 13.81 105.66 119.47 OK
r-devel-linux-x86_64-fedora-clang 1.3-3 181.25 OK
r-devel-linux-x86_64-fedora-gcc 1.3-3 184.52 OK
r-devel-windows-ix86+x86_64 1.3-3 30.00 144.00 174.00 OK
r-devel-windows-ix86+x86_64-gcc8 1.3-3 30.00 141.00 171.00 OK
r-patched-linux-x86_64 1.3-3 13.75 121.49 135.24 OK
r-patched-solaris-x86 1.3-3 232.70 OK
r-release-linux-x86_64 1.3-3 13.72 120.18 133.90 OK
r-release-windows-ix86+x86_64 1.3-3 28.00 139.00 167.00 OK
r-release-osx-x86_64 1.3-3 NOTE
r-oldrel-windows-ix86+x86_64 1.3-3 16.00 123.00 139.00 OK
r-oldrel-osx-x86_64 1.3-3 OK

Check Details

Version: 1.3-3
Check: package dependencies
Result: NOTE
    Packages suggested but not available for checking: 'graph', 'Rgraphviz'
Flavor: r-release-osx-x86_64