CRAN Package Check Results for Package arulesViz

Last updated on 2019-09-17 03:50:06 CEST.

Flavor Version Tinstall Tcheck Ttotal Status Flags
r-devel-linux-x86_64-debian-clang 1.3-3 14.29 125.22 139.51 OK
r-devel-linux-x86_64-debian-gcc 1.3-3 OK
r-devel-linux-x86_64-fedora-clang 1.3-3 166.41 OK
r-devel-linux-x86_64-fedora-gcc 1.3-3 161.85 OK
r-devel-windows-ix86+x86_64 1.3-3 51.00 195.00 246.00 OK
r-patched-linux-x86_64 1.3-3 12.02 121.14 133.16 OK
r-patched-solaris-x86 1.3-3 237.10 OK
r-release-linux-x86_64 1.3-3 13.20 121.46 134.66 OK
r-release-windows-ix86+x86_64 1.3-3 27.00 129.00 156.00 OK
r-release-osx-x86_64 1.3-3 NOTE
r-oldrel-windows-ix86+x86_64 1.3-3 26.00 174.00 200.00 OK
r-oldrel-osx-x86_64 1.3-3 OK

Check Details

Version: 1.3-3
Check: package dependencies
Result: NOTE
    Packages suggested but not available for checking: 'graph', 'Rgraphviz'
Flavor: r-release-osx-x86_64