CRAN Package Check Results for Package ashr

Last updated on 2020-10-01 15:48:21 CEST.

Flavor Version Tinstall Tcheck Ttotal Status Flags
r-devel-linux-x86_64-debian-clang 2.2-47 28.81 219.17 247.98 OK
r-devel-linux-x86_64-debian-gcc 2.2-47 22.79 144.53 167.32 OK
r-devel-linux-x86_64-fedora-clang 2.2-47 279.85 OK
r-devel-linux-x86_64-fedora-gcc 2.2-47 266.66 OK
r-devel-windows-ix86+x86_64 2.2-47 69.00 373.00 442.00 OK
r-patched-linux-x86_64 2.2-47 29.23 186.04 215.27 OK
r-patched-solaris-x86 2.2-47 385.30 NOTE
r-release-linux-x86_64 2.2-47 28.07 184.14 212.21 OK
r-release-macos-x86_64 2.2-47 OK
r-release-windows-ix86+x86_64 2.2-47 67.00 354.00 421.00 OK
r-oldrel-macos-x86_64 2.2-47 OK
r-oldrel-windows-ix86+x86_64 2.2-47 65.00 377.00 442.00 NOTE

Check Details

Version: 2.2-47
Check: package dependencies
Result: NOTE
    Package suggested but not available for checking: ‘REBayes’
Flavors: r-patched-solaris-x86, r-oldrel-windows-ix86+x86_64