CRAN Package Check Results for Package astrolibR

Last updated on 2019-09-20 15:46:56 CEST.

Flavor Version Tinstall Tcheck Ttotal Status Flags
r-devel-linux-x86_64-debian-clang 0.1 6.94 39.90 46.84 NOTE
r-devel-linux-x86_64-debian-gcc 0.1 5.28 31.37 36.65 NOTE
r-devel-linux-x86_64-fedora-clang 0.1 57.08 NOTE
r-devel-linux-x86_64-fedora-gcc 0.1 56.61 NOTE
r-devel-windows-ix86+x86_64 0.1 16.00 73.00 89.00 NOTE
r-patched-linux-x86_64 0.1 6.03 39.56 45.59 NOTE
r-patched-solaris-x86 0.1 77.90 NOTE
r-release-linux-x86_64 0.1 6.49 39.82 46.31 NOTE
r-release-windows-ix86+x86_64 0.1 11.00 76.00 87.00 NOTE
r-release-osx-x86_64 0.1 NOTE
r-oldrel-windows-ix86+x86_64 0.1 10.00 47.00 57.00 NOTE
r-oldrel-osx-x86_64 0.1 NOTE

Check Details

Version: 0.1
Check: R code for possible problems
Result: NOTE
    fm_unred: no visible global function definition for 'spline'
    galage: no visible global function definition for 'integrate'
    lumdist: no visible global function definition for 'integrate'
    Undefined global functions or variables:
     integrate spline
    Consider adding
     importFrom("stats", "integrate", "spline")
    to your NAMESPACE file.
Flavors: r-devel-linux-x86_64-debian-clang, r-devel-linux-x86_64-debian-gcc, r-devel-linux-x86_64-fedora-clang, r-devel-linux-x86_64-fedora-gcc, r-devel-windows-ix86+x86_64, r-patched-linux-x86_64, r-patched-solaris-x86, r-release-linux-x86_64, r-release-windows-ix86+x86_64, r-release-osx-x86_64, r-oldrel-windows-ix86+x86_64, r-oldrel-osx-x86_64