CRAN Package Check Results for Package autovarCore

Last updated on 2019-12-08 14:47:38 CET.

Flavor Version Tinstall Tcheck Ttotal Status Flags
r-devel-linux-x86_64-debian-clang 1.0-4 30.67 63.19 93.86 ERROR
r-devel-linux-x86_64-debian-gcc 1.0-4 18.99 50.57 69.56 ERROR
r-devel-linux-x86_64-fedora-clang 1.0-4 121.24 NOTE
r-devel-linux-x86_64-fedora-gcc 1.0-4 106.55 NOTE
r-devel-windows-ix86+x86_64 1.0-4 69.00 126.00 195.00 OK
r-devel-windows-ix86+x86_64-gcc8 1.0-4 71.00 89.00 160.00 OK
r-patched-linux-x86_64 1.0-4 22.41 57.98 80.39 OK
r-patched-solaris-x86 1.0-4 105.40 NOTE
r-release-linux-x86_64 1.0-4 23.40 58.65 82.05 OK
r-release-windows-ix86+x86_64 1.0-4 72.00 85.00 157.00 OK
r-release-osx-x86_64 1.0-4 NOTE
r-oldrel-windows-ix86+x86_64 1.0-4 45.00 84.00 129.00 OK
r-oldrel-osx-x86_64 1.0-4 NOTE

Check Details

Version: 1.0-4
Check: tests
Result: ERROR
     Running 'testthat.R' [26s/27s]
    Running the tests in 'tests/testthat.R' failed.
    Complete output:
     > library(testthat)
     > test_check('autovarCore')
     Loading required package: autovarCore
     -- 1. Failure: evaluate_model_config calls its subfunctions correctly without da
     class(list(...)[[1]]) not equal to "matrix".
     Lengths differ: 2 is not 1
    
     -- 2. Failure: evaluate_model_config calls its subfunctions correctly with daydu
     class(list(...)[[1]]) not equal to "matrix".
     Lengths differ: 2 is not 1
    
     == testthat results ===========================================================
     [ OK: 510 | SKIPPED: 0 | WARNINGS: 0 | FAILED: 2 ]
     1. Failure: evaluate_model_config calls its subfunctions correctly without daydummies and trend
     2. Failure: evaluate_model_config calls its subfunctions correctly with daydummies and trend
    
     Error: testthat unit tests failed
     Execution halted
Flavor: r-devel-linux-x86_64-debian-clang

Version: 1.0-4
Check: tests
Result: ERROR
     Running ‘testthat.R’ [21s/25s]
    Running the tests in ‘tests/testthat.R’ failed.
    Complete output:
     > library(testthat)
     > test_check('autovarCore')
     Loading required package: autovarCore
     ── 1. Failure: evaluate_model_config calls its subfunctions correctly without da
     class(list(...)[[1]]) not equal to "matrix".
     Lengths differ: 2 is not 1
    
     ── 2. Failure: evaluate_model_config calls its subfunctions correctly with daydu
     class(list(...)[[1]]) not equal to "matrix".
     Lengths differ: 2 is not 1
    
     ══ testthat results ═══════════════════════════════════════════════════════════
     [ OK: 510 | SKIPPED: 0 | WARNINGS: 0 | FAILED: 2 ]
     1. Failure: evaluate_model_config calls its subfunctions correctly without daydummies and trend
     2. Failure: evaluate_model_config calls its subfunctions correctly with daydummies and trend
    
     Error: testthat unit tests failed
     Execution halted
Flavor: r-devel-linux-x86_64-debian-gcc

Version: 1.0-4
Check: dependencies in R code
Result: NOTE
    Namespaces in Imports field not imported from:
     ‘Rcpp’ ‘jsonlite’
     All declared Imports should be used.
Flavors: r-devel-linux-x86_64-fedora-clang, r-devel-linux-x86_64-fedora-gcc, r-patched-solaris-x86, r-release-osx-x86_64, r-oldrel-osx-x86_64