CRAN Package Check Results for Package aws

Last updated on 2020-07-14 03:47:36 CEST.

Flavor Version Tinstall Tcheck Ttotal Status Flags
r-devel-linux-x86_64-debian-clang 2.4-2 21.51 109.79 131.30 OK
r-devel-linux-x86_64-debian-gcc 2.4-2 20.26 81.55 101.81 OK
r-devel-linux-x86_64-fedora-clang 2.4-2 172.63 OK
r-devel-linux-x86_64-fedora-gcc 2.4-2 156.25 OK
r-devel-windows-ix86+x86_64 2.4-2 56.00 112.00 168.00 OK
r-patched-linux-x86_64 2.4-2 22.28 104.25 126.53 OK
r-patched-solaris-x86 2.4-2 195.10 OK
r-release-linux-x86_64 2.4-2 23.12 104.40 127.52 OK
r-release-macos-x86_64 2.4-2 ERROR
r-release-windows-ix86+x86_64 2.4-2 50.00 101.00 151.00 OK
r-oldrel-macos-x86_64 2.4-2 ERROR
r-oldrel-windows-ix86+x86_64 2.4-2 62.00 123.00 185.00 OK

Check Details

Version: 2.4-2
Check: whether package can be installed
Result: ERROR
    Installation failed.
Flavor: r-release-macos-x86_64

Version: 2.4-2
Check: running R code from vignettes
Result: ERROR
    Errors in running code in vignettes:
    when running code in ‘aws-Example.Rnw’
     ...
    > yhat0 <- kernsm(y1, h = 10)
    
    > yhat1 <- aws(y1, hmax = 100)
    Running PS with lambda= 14.6 hmax= 100 number of iterations: 22 memory step OFF
    Estimated variance: 0.0845
    Progress:step 1 hakt 1.03
    OMP: Error #15: Initializing libomp.dylib, but found libomp.dylib already initialized.
    OMP: Hint This means that multiple copies of the OpenMP runtime have been linked into the program. That is dangerous, since it can degrade performance or cause incorrect results. The best thing to do is to ensure that only a single OpenMP runtime is linked into the process, e.g. by avoiding static linking of the OpenMP runtime in any library. As an unsafe, unsupported, undocumented workaround you can set the environment variable KMP_DUPLICATE_LIB_OK=TRUE to allow the program to continue to execute, but that may cause crashes or silently produce incorrect results. For more information, please see http://openmp.llvm.org/
    
    ... incomplete output. Crash?
    
     ‘aws-Example.Rnw’... failed to complete the test
Flavor: r-oldrel-macos-x86_64

Version: 2.4-2
Check: re-building of vignette outputs
Result: NOTE
    Error(s) in re-building vignettes:
     ...
    --- re-building ‘aws-Example.Rnw’ using Sweave
    Loading required package: awsMethods
    
    Use the function setCores() to change the number of CPU cores.
    
    OMP: Error #15: Initializing libomp.dylib, but found libomp.dylib already initialized.
    OMP: Hint This means that multiple copies of the OpenMP runtime have been linked into the program. That is dangerous, since it can degrade performance or cause incorrect results. The best thing to do is to ensure that only a single OpenMP runtime is linked into the process, e.g. by avoiding static linking of the OpenMP runtime in any library. As an unsafe, unsupported, undocumented workaround you can set the environment variable KMP_DUPLICATE_LIB_OK=TRUE to allow the program to continue to execute, but that may cause crashes or silently produce incorrect results. For more information, please see http://openmp.llvm.org/
Flavor: r-oldrel-macos-x86_64