CRAN Package Check Results for Package aws.kms

Last updated on 2020-07-15 03:46:32 CEST.

Flavor Version Tinstall Tcheck Ttotal Status Flags
r-devel-linux-x86_64-debian-clang 0.1.4 2.44 23.22 25.66 OK
r-devel-linux-x86_64-debian-gcc 0.1.4 1.94 18.74 20.68 OK
r-devel-linux-x86_64-fedora-clang 0.1.4 39.96 OK
r-devel-linux-x86_64-fedora-gcc 0.1.4 30.91 OK
r-devel-windows-ix86+x86_64 0.1.4 17.00 70.00 87.00 OK
r-patched-linux-x86_64 0.1.4 2.58 23.18 25.76 OK
r-patched-solaris-x86 0.1.4 48.40 OK
r-release-linux-x86_64 0.1.4 2.52 23.07 25.59 OK
r-release-macos-x86_64 0.1.4 FAIL
r-release-windows-ix86+x86_64 0.1.4 13.00 62.00 75.00 OK
r-oldrel-macos-x86_64 0.1.4 OK
r-oldrel-windows-ix86+x86_64 0.1.4 12.00 68.00 80.00 OK

Check Details

Version: 0.1.4
Check: DESCRIPTION meta-information
Result: FAIL
Flavor: r-release-macos-x86_64