CRAN Package Check Results for Package bamboo

Last updated on 2020-02-24 02:46:55 CET.

Flavor Version Tinstall Tcheck Ttotal Status Flags
r-devel-linux-x86_64-debian-clang 0.9.24 37.46 630.48 667.94 OK
r-devel-linux-x86_64-debian-gcc 0.9.24 OK
r-devel-linux-x86_64-fedora-clang 0.9.24 765.49 OK
r-devel-linux-x86_64-fedora-gcc 0.9.24 705.51 OK
r-devel-windows-ix86+x86_64 0.9.24 86.00 410.00 496.00 NOTE
r-devel-windows-ix86+x86_64-gcc8 0.9.24 382.00 437.00 819.00 NOTE
r-patched-linux-x86_64 0.9.24 OK
r-release-linux-x86_64 0.9.24 40.41 608.84 649.25 OK
r-release-windows-ix86+x86_64 0.9.24 214.00 397.00 611.00 NOTE
r-release-osx-x86_64 0.9.24 OK
r-oldrel-windows-ix86+x86_64 0.9.24 205.00 393.00 598.00 NOTE
r-oldrel-osx-x86_64 0.9.24 OK

Check Details

Version: 0.9.24
Check: R code for possible problems
Result: NOTE
    trying URL 'https://downloads.lightbend.com/scala/2.13.1/scala-2.13.1.tgz'
    Content type 'application/octet-stream' length 19685743 bytes (18.8 MB)
    ==================================================
    downloaded 18.8 MB
Flavors: r-devel-windows-ix86+x86_64, r-devel-windows-ix86+x86_64-gcc8, r-release-windows-ix86+x86_64, r-oldrel-windows-ix86+x86_64