CRAN Package Check Results for Package bamboo

Last updated on 2019-09-21 15:46:45 CEST.

Flavor Version Tinstall Tcheck Ttotal Status Flags
r-devel-linux-x86_64-debian-clang 0.9.24 39.94 393.20 433.14 OK
r-devel-linux-x86_64-debian-gcc 0.9.24 33.77 301.00 334.77 OK
r-devel-linux-x86_64-fedora-clang 0.9.24 486.44 OK
r-devel-linux-x86_64-fedora-gcc 0.9.24 487.90 OK
r-devel-windows-ix86+x86_64 0.9.24 106.00 407.00 513.00 OK
r-patched-linux-x86_64 0.9.24 40.42 397.88 438.30 OK
r-release-linux-x86_64 0.9.24 40.33 393.40 433.73 OK
r-release-windows-ix86+x86_64 0.9.24 101.00 401.00 502.00 NOTE
r-release-osx-x86_64 0.9.24 OK
r-oldrel-windows-ix86+x86_64 0.9.24 52.00 406.00 458.00 NOTE
r-oldrel-osx-x86_64 0.9.24 OK

Check Details

Version: 0.9.24
Check: R code for possible problems
Result: NOTE
    trying URL 'https://downloads.lightbend.com/scala/2.12.8/scala-2.12.8.tgz'
    Content type 'application/octet-stream' length 20467943 bytes (19.5 MB)
    ==================================================
    downloaded 19.5 MB
Flavors: r-release-windows-ix86+x86_64, r-oldrel-windows-ix86+x86_64