CRAN Package Check Results for Package base64enc

Last updated on 2020-04-07 15:48:21 CEST.

Flavor Version Tinstall Tcheck Ttotal Status Flags
r-devel-linux-x86_64-debian-clang 0.1-3 2.80 17.20 20.00 OK
r-devel-linux-x86_64-debian-gcc 0.1-3 2.07 13.91 15.98 OK
r-devel-linux-x86_64-fedora-clang 0.1-3 25.80 NOTE
r-devel-linux-x86_64-fedora-gcc 0.1-3 25.02 NOTE
r-devel-windows-ix86+x86_64 0.1-3 11.00 50.00 61.00 OK
r-devel-windows-ix86+x86_64-gcc8 0.1-3 11.00 35.00 46.00 OK
r-patched-linux-x86_64 0.1-3 2.54 17.17 19.71 OK
r-patched-solaris-x86 0.1-3 45.20 OK
r-release-linux-x86_64 0.1-3 1.92 16.31 18.23 OK
r-release-windows-ix86+x86_64 0.1-3 12.00 48.00 60.00 OK
r-release-osx-x86_64 0.1-3 OK
r-oldrel-windows-ix86+x86_64 0.1-3 9.00 32.00 41.00 OK
r-oldrel-osx-x86_64 0.1-3 OK

Check Details

Version: 0.1-3
Check: compiled code
Result: NOTE
    File ‘base64enc/libs/base64enc.so’:
     Found no calls to: ‘R_registerRoutines’, ‘R_useDynamicSymbols’
    
    It is good practice to register native routines and to disable symbol
    search.
    
    See ‘Writing portable packages’ in the ‘Writing R Extensions’ manual.
Flavors: r-devel-linux-x86_64-fedora-clang, r-devel-linux-x86_64-fedora-gcc