CRAN Package Check Results for Package basictabler

Last updated on 2020-10-01 15:48:21 CEST.

Flavor Version Tinstall Tcheck Ttotal Status Flags
r-devel-linux-x86_64-debian-clang 0.3.1 15.43 97.37 112.80 OK
r-devel-linux-x86_64-debian-gcc 0.3.1 15.64 72.32 87.96 OK
r-devel-linux-x86_64-fedora-clang 0.3.1 144.72 OK
r-devel-linux-x86_64-fedora-gcc 0.3.1 134.18 OK
r-devel-windows-ix86+x86_64 0.3.1 21.00 119.00 140.00 OK
r-patched-linux-x86_64 0.3.1 15.11 92.02 107.13 OK
r-patched-solaris-x86 0.3.1 158.80 WARN
r-release-linux-x86_64 0.3.1 13.97 92.05 106.02 OK
r-release-macos-x86_64 0.3.1 WARN
r-release-windows-ix86+x86_64 0.3.1 28.00 100.00 128.00 OK
r-oldrel-macos-x86_64 0.3.1 WARN
r-oldrel-windows-ix86+x86_64 0.3.1 25.00 119.00 144.00 OK

Check Details

Version: 0.3.1
Check: re-building of vignette outputs
Result: WARN
    Error(s) in re-building vignettes:
     ...
    --- re-building ‘v01-introduction.Rmd’ using rmarkdown
    Warning in engine$weave(file, quiet = quiet, encoding = enc) :
     Pandoc (>= 1.12.3) and/or pandoc-citeproc not available. Falling back to R Markdown v1.
    Quitting from lines 46-49 (v01-introduction.Rmd)
    Error: processing vignette 'v01-introduction.Rmd' failed with diagnostics:
    there is no package called 'webshot'
    --- failed re-building ‘v01-introduction.Rmd’
    
    --- re-building ‘v02-workingwithcells.Rmd’ using rmarkdown
    Warning in engine$weave(file, quiet = quiet, encoding = enc) :
     Pandoc (>= 1.12.3) and/or pandoc-citeproc not available. Falling back to R Markdown v1.
    Quitting from lines 54-73 (v02-workingwithcells.Rmd)
    Error: processing vignette 'v02-workingwithcells.Rmd' failed with diagnostics:
    there is no package called 'webshot'
    --- failed re-building ‘v02-workingwithcells.Rmd’
    
    --- re-building ‘v03-outputs.Rmd’ using rmarkdown
    Warning in engine$weave(file, quiet = quiet, encoding = enc) :
     Pandoc (>= 1.12.3) and/or pandoc-citeproc not available. Falling back to R Markdown v1.
    Quitting from lines 42-56 (v03-outputs.Rmd)
    Error: processing vignette 'v03-outputs.Rmd' failed with diagnostics:
    there is no package called 'webshot'
    --- failed re-building ‘v03-outputs.Rmd’
    
    --- re-building ‘v04-styling.Rmd’ using rmarkdown
    Warning in engine$weave(file, quiet = quiet, encoding = enc) :
     Pandoc (>= 1.12.3) and/or pandoc-citeproc not available. Falling back to R Markdown v1.
    Quitting from lines 97-114 (v04-styling.Rmd)
    Error: processing vignette 'v04-styling.Rmd' failed with diagnostics:
    there is no package called 'webshot'
    --- failed re-building ‘v04-styling.Rmd’
    
    --- re-building ‘v05-findingandformatting.Rmd’ using rmarkdown
    Warning in engine$weave(file, quiet = quiet, encoding = enc) :
     Pandoc (>= 1.12.3) and/or pandoc-citeproc not available. Falling back to R Markdown v1.
    
    Attaching package: 'dplyr'
    
    The following objects are masked from 'package:stats':
    
     filter, lag
    
    The following objects are masked from 'package:base':
    
     intersect, setdiff, setequal, union
    
    `summarise()` ungrouping output (override with `.groups` argument)
    Quitting from lines 32-55 (v05-findingandformatting.Rmd)
    Error: processing vignette 'v05-findingandformatting.Rmd' failed with diagnostics:
    there is no package called 'webshot'
    --- failed re-building ‘v05-findingandformatting.Rmd’
    
    --- re-building ‘v06-shiny.Rmd’ using rmarkdown
    Warning in engine$weave(file, quiet = quiet, encoding = enc) :
     Pandoc (>= 1.12.3) and/or pandoc-citeproc not available. Falling back to R Markdown v1.
    --- finished re-building ‘v06-shiny.Rmd’
    
    --- re-building ‘v07-excelexport.Rmd’ using rmarkdown
    Warning in engine$weave(file, quiet = quiet, encoding = enc) :
     Pandoc (>= 1.12.3) and/or pandoc-citeproc not available. Falling back to R Markdown v1.
    --- finished re-building ‘v07-excelexport.Rmd’
    
    SUMMARY: processing the following files failed:
     ‘v01-introduction.Rmd’ ‘v02-workingwithcells.Rmd’ ‘v03-outputs.Rmd’
     ‘v04-styling.Rmd’ ‘v05-findingandformatting.Rmd’
    
    Error: Vignette re-building failed.
    Execution halted
Flavor: r-patched-solaris-x86

Version: 0.3.1
Check: re-building of vignette outputs
Result: WARN
    Error(s) in re-building vignettes:
    --- re-building ‘v01-introduction.Rmd’ using rmarkdown
    Warning in engine$weave(file, quiet = quiet, encoding = enc) :
     Pandoc (>= 1.12.3) and/or pandoc-citeproc not available. Falling back to R Markdown v1.
    PhantomJS not found. You can install it with webshot::install_phantomjs(). If it is installed, please make sure the phantomjs executable can be found via the PATH variable.
    Quitting from lines 46-49 (v01-introduction.Rmd)
    Error: processing vignette 'v01-introduction.Rmd' failed with diagnostics:
    cannot open the connection
    --- failed re-building ‘v01-introduction.Rmd’
    
    --- re-building ‘v02-workingwithcells.Rmd’ using rmarkdown
    Warning in engine$weave(file, quiet = quiet, encoding = enc) :
     Pandoc (>= 1.12.3) and/or pandoc-citeproc not available. Falling back to R Markdown v1.
    PhantomJS not found. You can install it with webshot::install_phantomjs(). If it is installed, please make sure the phantomjs executable can be found via the PATH variable.
    Warning in normalizePath(f2) :
     path[1]="webshot2f695776e5d8.png": No such file or directory
    Warning in file(con, "rb") :
     cannot open file 'webshot2f695776e5d8.png': No such file or directory
    Quitting from lines 54-73 (v02-workingwithcells.Rmd)
    Error: processing vignette 'v02-workingwithcells.Rmd' failed with diagnostics:
    cannot open the connection
    --- failed re-building ‘v02-workingwithcells.Rmd’
    
    --- re-building ‘v03-outputs.Rmd’ using rmarkdown
    Warning in engine$weave(file, quiet = quiet, encoding = enc) :
     Pandoc (>= 1.12.3) and/or pandoc-citeproc not available. Falling back to R Markdown v1.
    PhantomJS not found. You can install it with webshot::install_phantomjs(). If it is installed, please make sure the phantomjs executable can be found via the PATH variable.
    Warning in normalizePath(f2) :
     path[1]="webshot30377f27d5c0.png": No such file or directory
    Warning in file(con, "rb") :
     cannot open file 'webshot30377f27d5c0.png': No such file or directory
    Quitting from lines 42-56 (v03-outputs.Rmd)
    Error: processing vignette 'v03-outputs.Rmd' failed with diagnostics:
    cannot open the connection
    --- failed re-building ‘v03-outputs.Rmd’
    
    --- re-building ‘v04-styling.Rmd’ using rmarkdown
    Warning in engine$weave(file, quiet = quiet, encoding = enc) :
     Pandoc (>= 1.12.3) and/or pandoc-citeproc not available. Falling back to R Markdown v1.
    PhantomJS not found. You can install it with webshot::install_phantomjs(). If it is installed, please make sure the phantomjs executable can be found via the PATH variable.
    Warning in normalizePath(f2) :
     path[1]="webshot30c842ee27e0.png": No such file or directory
    Warning in file(con, "rb") :
     cannot open file 'webshot30c842ee27e0.png': No such file or directory
    Quitting from lines 97-114 (v04-styling.Rmd)
    Error: processing vignette 'v04-styling.Rmd' failed with diagnostics:
    cannot open the connection
    --- failed re-building ‘v04-styling.Rmd’
    
    --- re-building ‘v05-findingandformatting.Rmd’ using rmarkdown
    Warning in engine$weave(file, quiet = quiet, encoding = enc) :
     Pandoc (>= 1.12.3) and/or pandoc-citeproc not available. Falling back to R Markdown v1.
    
    Attaching package: 'dplyr'
    
    The following objects are masked from 'package:stats':
    
     filter, lag
    
    The following objects are masked from 'package:base':
    
     intersect, setdiff, setequal, union
    
    `summarise()` ungrouping output (override with `.groups` argument)
    PhantomJS not found. You can install it with webshot::install_phantomjs(). If it is installed, please make sure the phantomjs executable can be found via the PATH variable.
    Warning in normalizePath(f2) :
     path[1]="webshot30f43dd6c75f.png": No such file or directory
    Warning in file(con, "rb") :
     cannot open file 'webshot30f43dd6c75f.png': No such file or directory
    Quitting from lines 32-55 (v05-findingandformatting.Rmd)
    Error: processing vignette 'v05-findingandformatting.Rmd' failed with diagnostics:
    cannot open the connection
    --- failed re-building ‘v05-findingandformatting.Rmd’
    
    --- re-building ‘v06-shiny.Rmd’ using rmarkdown
    Warning in engine$weave(file, quiet = quiet, encoding = enc) :
     Pandoc (>= 1.12.3) and/or pandoc-citeproc not available. Falling back to R Markdown v1.
    --- finished re-building ‘v06-shiny.Rmd’
    
    --- re-building ‘v07-excelexport.Rmd’ using rmarkdown
    Warning in engine$weave(file, quiet = quiet, encoding = enc) :
     Pandoc (>= 1.12.3) and/or pandoc-citeproc not available. Falling back to R Markdown v1.
    --- finished re-building ‘v07-excelexport.Rmd’
    
    SUMMARY: processing the following files failed:
     ‘v01-introduction.Rmd’ ‘v02-workingwithcells.Rmd’ ‘v03-outputs.Rmd’
     ‘v04-styling.Rmd’ ‘v05-findingandformatting.Rmd’
    
    Error: Vignette re-building failed.
    Execution halted
Flavor: r-release-macos-x86_64

Version: 0.3.1
Check: re-building of vignette outputs
Result: WARN
    Error(s) in re-building vignettes:
    --- re-building ‘v01-introduction.Rmd’ using rmarkdown
    Warning in engine$weave(file, quiet = quiet, encoding = enc) :
     Pandoc (>= 1.12.3) and/or pandoc-citeproc not available. Falling back to R Markdown v1.
    PhantomJS not found. You can install it with webshot::install_phantomjs(). If it is installed, please make sure the phantomjs executable can be found via the PATH variable.
    Quitting from lines 46-49 (v01-introduction.Rmd)
    Error: processing vignette 'v01-introduction.Rmd' failed with diagnostics:
    cannot open the connection
    --- failed re-building ‘v01-introduction.Rmd’
    
    --- re-building ‘v02-workingwithcells.Rmd’ using rmarkdown
    Warning in engine$weave(file, quiet = quiet, encoding = enc) :
     Pandoc (>= 1.12.3) and/or pandoc-citeproc not available. Falling back to R Markdown v1.
    PhantomJS not found. You can install it with webshot::install_phantomjs(). If it is installed, please make sure the phantomjs executable can be found via the PATH variable.
    Warning in normalizePath(f2) :
     path[1]="webshot8c8330dba48d.png": No such file or directory
    Warning in file(con, "rb") :
     cannot open file 'webshot8c8330dba48d.png': No such file or directory
    Quitting from lines 54-73 (v02-workingwithcells.Rmd)
    Error: processing vignette 'v02-workingwithcells.Rmd' failed with diagnostics:
    cannot open the connection
    --- failed re-building ‘v02-workingwithcells.Rmd’
    
    --- re-building ‘v03-outputs.Rmd’ using rmarkdown
    Warning in engine$weave(file, quiet = quiet, encoding = enc) :
     Pandoc (>= 1.12.3) and/or pandoc-citeproc not available. Falling back to R Markdown v1.
    PhantomJS not found. You can install it with webshot::install_phantomjs(). If it is installed, please make sure the phantomjs executable can be found via the PATH variable.
    Warning in normalizePath(f2) :
     path[1]="webshot8c9126f4700.png": No such file or directory
    Warning in file(con, "rb") :
     cannot open file 'webshot8c9126f4700.png': No such file or directory
    Quitting from lines 42-56 (v03-outputs.Rmd)
    Error: processing vignette 'v03-outputs.Rmd' failed with diagnostics:
    cannot open the connection
    --- failed re-building ‘v03-outputs.Rmd’
    
    --- re-building ‘v04-styling.Rmd’ using rmarkdown
    Warning in engine$weave(file, quiet = quiet, encoding = enc) :
     Pandoc (>= 1.12.3) and/or pandoc-citeproc not available. Falling back to R Markdown v1.
    PhantomJS not found. You can install it with webshot::install_phantomjs(). If it is installed, please make sure the phantomjs executable can be found via the PATH variable.
    Warning in normalizePath(f2) :
     path[1]="webshot8c9f3c33b0dd.png": No such file or directory
    Warning in file(con, "rb") :
     cannot open file 'webshot8c9f3c33b0dd.png': No such file or directory
    Quitting from lines 97-114 (v04-styling.Rmd)
    Error: processing vignette 'v04-styling.Rmd' failed with diagnostics:
    cannot open the connection
    --- failed re-building ‘v04-styling.Rmd’
    
    --- re-building ‘v05-findingandformatting.Rmd’ using rmarkdown
    Warning in engine$weave(file, quiet = quiet, encoding = enc) :
     Pandoc (>= 1.12.3) and/or pandoc-citeproc not available. Falling back to R Markdown v1.
    
    Attaching package: 'dplyr'
    
    The following objects are masked from 'package:stats':
    
     filter, lag
    
    The following objects are masked from 'package:base':
    
     intersect, setdiff, setequal, union
    
    PhantomJS not found. You can install it with webshot::install_phantomjs(). If it is installed, please make sure the phantomjs executable can be found via the PATH variable.
    Warning in normalizePath(f2) :
     path[1]="webshot8cad37b270c8.png": No such file or directory
    Warning in file(con, "rb") :
     cannot open file 'webshot8cad37b270c8.png': No such file or directory
    Quitting from lines 32-55 (v05-findingandformatting.Rmd)
    Error: processing vignette 'v05-findingandformatting.Rmd' failed with diagnostics:
    cannot open the connection
    --- failed re-building ‘v05-findingandformatting.Rmd’
    
    --- re-building ‘v06-shiny.Rmd’ using rmarkdown
    Warning in engine$weave(file, quiet = quiet, encoding = enc) :
     Pandoc (>= 1.12.3) and/or pandoc-citeproc not available. Falling back to R Markdown v1.
    --- finished re-building ‘v06-shiny.Rmd’
    
    --- re-building ‘v07-excelexport.Rmd’ using rmarkdown
    Warning in engine$weave(file, quiet = quiet, encoding = enc) :
     Pandoc (>= 1.12.3) and/or pandoc-citeproc not available. Falling back to R Markdown v1.
    --- finished re-building ‘v07-excelexport.Rmd’
    
    SUMMARY: processing the following files failed:
     ‘v01-introduction.Rmd’ ‘v02-workingwithcells.Rmd’ ‘v03-outputs.Rmd’
     ‘v04-styling.Rmd’ ‘v05-findingandformatting.Rmd’
    
    Error: Vignette re-building failed.
    Execution halted
Flavor: r-oldrel-macos-x86_64